CRAN Package Check Results for Package dtree

Last updated on 2021-07-30 19:50:06 CEST.

Flavor Version Tinstall Tcheck Ttotal Status Flags
r-devel-linux-x86_64-debian-clang 0.4.2 NOTE
r-devel-linux-x86_64-debian-gcc 0.4.2 13.04 100.87 113.91 NOTE
r-devel-linux-x86_64-fedora-clang 0.4.2 187.25 NOTE
r-devel-linux-x86_64-fedora-gcc 0.4.2 174.04 NOTE
r-devel-windows-x86_64 0.4.2 28.00 153.00 181.00 NOTE
r-devel-windows-x86_64-gcc10-UCRT 0.4.2 NOTE
r-patched-linux-x86_64 0.4.2 NOTE
r-patched-solaris-x86 0.4.2 250.00 NOTE
r-release-linux-x86_64 0.4.2 14.83 126.61 141.44 NOTE
r-release-macos-arm64 0.4.2 NOTE
r-release-macos-x86_64 0.4.2 NOTE
r-release-windows-ix86+x86_64 0.4.2 38.00 152.00 190.00 NOTE
r-oldrel-macos-x86_64 0.4.2 OK
r-oldrel-windows-ix86+x86_64 0.4.2 27.00 179.00 206.00 OK

Check Details

Version: 0.4.2
Check: LazyData
Result: NOTE
     'LazyData' is specified without a 'data' directory
Flavors: r-devel-linux-x86_64-debian-clang, r-devel-linux-x86_64-debian-gcc, r-devel-linux-x86_64-fedora-clang, r-devel-linux-x86_64-fedora-gcc, r-devel-windows-x86_64, r-devel-windows-x86_64-gcc10-UCRT, r-patched-linux-x86_64, r-patched-solaris-x86, r-release-linux-x86_64, r-release-macos-arm64, r-release-macos-x86_64, r-release-windows-ix86+x86_64