Last updated on 2023-03-31 05:54:21 CEST.
Flavor | Version | Tinstall | Tcheck | Ttotal | Status | Flags |
---|---|---|---|---|---|---|
r-devel-linux-x86_64-debian-clang | 0.4.0 | 10.27 | 217.95 | 228.22 | OK | |
r-devel-linux-x86_64-debian-gcc | 0.4.0 | 7.66 | 161.54 | 169.20 | OK | |
r-devel-linux-x86_64-fedora-clang | 0.4.0 | 276.53 | NOTE | |||
r-devel-linux-x86_64-fedora-gcc | 0.4.0 | 299.12 | OK | |||
r-devel-windows-x86_64 | 0.4.0 | 88.00 | 294.00 | 382.00 | OK | |
r-patched-linux-x86_64 | 0.4.0 | 13.86 | 206.02 | 219.88 | OK | |
r-release-linux-x86_64 | 0.4.0 | 8.17 | 207.96 | 216.13 | OK | |
r-release-macos-arm64 | 0.4.0 | 65.00 | OK | |||
r-release-macos-x86_64 | 0.4.0 | 107.00 | OK | |||
r-release-windows-x86_64 | 0.4.0 | 112.00 | 289.00 | 401.00 | OK | |
r-oldrel-macos-arm64 | 0.4.0 | 71.00 | OK | |||
r-oldrel-macos-x86_64 | 0.4.0 | 113.00 | OK | |||
r-oldrel-windows-ix86+x86_64 | 0.4.0 | 19.00 | 308.00 | 327.00 | NOTE |
Version: 0.4.0
Check: Rd cross-references
Result: NOTE
Undeclared package ‘vctrs’ in Rd xrefs
Flavor: r-devel-linux-x86_64-fedora-clang
Version: 0.4.0
Check: dependencies in R code
Result: NOTE
Initiating curl with CURL_SSL_BACKEND: openssl
Flavor: r-oldrel-windows-ix86+x86_64