CRAN Package Check Results for Package dsims

Last updated on 2021-09-20 04:58:07 CEST.

Flavor Version Tinstall Tcheck Ttotal Status Flags
r-devel-linux-x86_64-debian-clang 0.2.0 25.77 184.10 209.87 OK
r-devel-linux-x86_64-debian-gcc 0.2.0 20.08 136.76 156.84 OK
r-devel-linux-x86_64-fedora-clang 0.2.0 262.51 OK
r-devel-linux-x86_64-fedora-gcc 0.2.0 274.23 OK
r-devel-windows-x86_64 0.2.0 21.00 143.00 164.00 OK
r-devel-windows-x86_64-gcc10-UCRT 0.2.0 ERROR
r-patched-linux-x86_64 0.2.0 30.10 171.96 202.06 OK
r-patched-solaris-x86 0.2.0 327.20 OK
r-release-linux-x86_64 0.2.0 17.27 173.70 190.97 OK
r-release-macos-arm64 0.2.0 OK
r-release-macos-x86_64 0.2.0 OK
r-release-windows-ix86+x86_64 0.2.0 40.00 138.00 178.00 OK
r-oldrel-macos-x86_64 0.2.0 OK
r-oldrel-windows-ix86+x86_64 0.2.0 45.00 202.00 247.00 OK

Check Details

Version: 0.2.0
Check: whether package can be installed
Result: WARN
    Found the following significant warnings:
     WARNING: installation-time patches will not be applied, could not get the patches index
Flavor: r-devel-windows-x86_64-gcc10-UCRT

Version: 0.2.0
Check: PDF version of manual
Result: WARN
    LaTeX errors when creating PDF version.
    This typically indicates Rd problems.
Flavor: r-devel-windows-x86_64-gcc10-UCRT

Version: 0.2.0
Check: PDF version of manual without hyperrefs or index
Result: ERROR
    Re-running with no redirection of stdout/stderr.
Flavor: r-devel-windows-x86_64-gcc10-UCRT