CRAN Package Check Results for Package drtmle

Last updated on 2021-09-20 04:58:07 CEST.

Flavor Version Tinstall Tcheck Ttotal Status Flags
r-devel-linux-x86_64-debian-clang 1.1.0 13.09 272.17 285.26 OK
r-devel-linux-x86_64-debian-gcc 1.1.0 9.24 201.31 210.55 OK
r-devel-linux-x86_64-fedora-clang 1.1.0 334.76 OK
r-devel-linux-x86_64-fedora-gcc 1.1.0 336.75 OK
r-devel-windows-x86_64 1.1.0 16.00 242.00 258.00 OK
r-devel-windows-x86_64-gcc10-UCRT 1.1.0 ERROR
r-patched-linux-x86_64 1.1.0 13.20 264.76 277.96 OK
r-patched-solaris-x86 1.1.0 430.00 OK
r-release-linux-x86_64 1.1.0 12.96 261.04 274.00 OK
r-release-macos-arm64 1.1.0 OK
r-release-macos-x86_64 1.1.0 OK
r-release-windows-ix86+x86_64 1.1.0 29.00 242.00 271.00 OK
r-oldrel-macos-x86_64 1.1.0 OK
r-oldrel-windows-ix86+x86_64 1.1.0 28.00 324.00 352.00 OK

Check Details

Version: 1.1.0
Check: whether package can be installed
Result: WARN
    Found the following significant warnings:
     WARNING: installation-time patches will not be applied, could not get the patches index
Flavor: r-devel-windows-x86_64-gcc10-UCRT

Version: 1.1.0
Check: PDF version of manual
Result: WARN
    LaTeX errors when creating PDF version.
    This typically indicates Rd problems.
Flavor: r-devel-windows-x86_64-gcc10-UCRT

Version: 1.1.0
Check: PDF version of manual without hyperrefs or index
Result: ERROR
    Re-running with no redirection of stdout/stderr.
Flavor: r-devel-windows-x86_64-gcc10-UCRT