CRAN Package Check Results for Package drawer

Last updated on 2021-07-25 07:49:59 CEST.

Flavor Version Tinstall Tcheck Ttotal Status Flags
r-devel-linux-x86_64-debian-clang 0.1.0 3.91 34.67 38.58 NOTE
r-devel-linux-x86_64-debian-gcc 0.1.0 2.78 27.09 29.87 NOTE
r-devel-linux-x86_64-fedora-clang 0.1.0 55.41 NOTE
r-devel-linux-x86_64-fedora-gcc 0.1.0 45.09 NOTE
r-devel-windows-x86_64 0.1.0 6.00 42.00 48.00 NOTE
r-devel-windows-x86_64-gcc10-UCRT 0.1.0 NOTE
r-patched-linux-x86_64 0.1.0 4.17 33.43 37.60 NOTE
r-patched-solaris-x86 0.1.0 70.20 NOTE
r-release-linux-x86_64 0.1.0 3.56 34.01 37.57 NOTE
r-release-macos-arm64 0.1.0 NOTE
r-release-macos-x86_64 0.1.0 NOTE
r-release-windows-ix86+x86_64 0.1.0 10.00 41.00 51.00 NOTE
r-oldrel-macos-x86_64 0.1.0 OK
r-oldrel-windows-ix86+x86_64 0.1.0 10.00 49.00 59.00 OK

Check Details

Version: 0.1.0
Check: LazyData
Result: NOTE
     'LazyData' is specified without a 'data' directory
Flavors: r-devel-linux-x86_64-debian-clang, r-devel-linux-x86_64-debian-gcc, r-devel-linux-x86_64-fedora-clang, r-devel-linux-x86_64-fedora-gcc, r-devel-windows-x86_64, r-devel-windows-x86_64-gcc10-UCRT, r-patched-linux-x86_64, r-patched-solaris-x86, r-release-linux-x86_64, r-release-macos-arm64, r-release-macos-x86_64, r-release-windows-ix86+x86_64