CRAN Package Check Results for Package dr4pl

Last updated on 2021-08-03 07:54:20 CEST.

Flavor Version Tinstall Tcheck Ttotal Status Flags
r-devel-linux-x86_64-debian-clang 1.1.11 10.29 121.01 131.30 OK
r-devel-linux-x86_64-debian-gcc 1.1.11 7.47 87.93 95.40 OK
r-devel-linux-x86_64-fedora-clang 1.1.11 160.00 OK
r-devel-linux-x86_64-fedora-gcc 1.1.11 150.10 OK
r-devel-windows-x86_64 1.1.11 12.00 149.00 161.00 OK
r-devel-windows-x86_64-gcc10-UCRT 1.1.11 OK
r-patched-linux-x86_64 1.1.11 9.05 111.86 120.91 OK
r-patched-solaris-x86 1.1.11 204.70 OK
r-release-linux-x86_64 1.1.11 8.88 111.99 120.87 OK
r-release-macos-arm64 1.1.11 WARN
r-release-macos-x86_64 1.1.11 OK
r-release-windows-ix86+x86_64 1.1.11 24.00 148.00 172.00 OK
r-oldrel-macos-x86_64 1.1.11 OK
r-oldrel-windows-ix86+x86_64 1.1.11 21.00 150.00 171.00 OK

Check Details

Version: 1.1.11
Check: re-building of vignette outputs
Result: WARN
    Error(s) in re-building vignettes:
     ...
    --- re-building ‘walk_through_in_R.Rmd’ using rmarkdown
    Warning in engine$weave(file, quiet = quiet, encoding = enc) :
     Pandoc (>= 1.12.3) not available. Falling back to R Markdown v1.
    Quitting from lines 33-38 (walk_through_in_R.Rmd)
    Error: processing vignette 'walk_through_in_R.Rmd' failed with diagnostics:
    polygon edge not found
    --- failed re-building ‘walk_through_in_R.Rmd’
    
    SUMMARY: processing the following file failed:
     ‘walk_through_in_R.Rmd’
    
    Error: Vignette re-building failed.
    Execution halted
Flavor: r-release-macos-arm64