Last updated on 2023-03-23 04:53:17 CET.
Flavor | Version | Tinstall | Tcheck | Ttotal | Status | Flags |
---|---|---|---|---|---|---|
r-devel-linux-x86_64-debian-clang | 0.3.0 | 29.16 | 145.53 | 174.69 | NOTE | |
r-devel-linux-x86_64-debian-gcc | 0.3.0 | 22.92 | 88.77 | 111.69 | NOTE | |
r-devel-linux-x86_64-fedora-clang | 0.3.0 | 217.90 | NOTE | |||
r-devel-linux-x86_64-fedora-gcc | 0.3.0 | 204.73 | NOTE | |||
r-devel-windows-x86_64 | 0.3.0 | 35.00 | 201.00 | 236.00 | NOTE | |
r-patched-linux-x86_64 | 0.3.0 | 23.06 | 135.14 | 158.20 | OK | |
r-release-linux-x86_64 | 0.3.0 | 26.31 | 127.02 | 153.33 | OK | |
r-release-macos-arm64 | 0.3.0 | 52.00 | OK | |||
r-release-macos-x86_64 | 0.3.0 | 95.00 | OK | |||
r-release-windows-x86_64 | 0.3.0 | 42.00 | 207.00 | 249.00 | OK | |
r-oldrel-macos-arm64 | 0.3.0 | 65.00 | OK | |||
r-oldrel-macos-x86_64 | 0.3.0 | 123.00 | OK | |||
r-oldrel-windows-ix86+x86_64 | 0.3.0 | 70.00 | 232.00 | 302.00 | OK |
Version: 0.3.0
Check: C++ specification
Result: NOTE
Specified C++11: please drop specification unless essential
Flavors: r-devel-linux-x86_64-debian-clang, r-devel-linux-x86_64-debian-gcc, r-devel-linux-x86_64-fedora-clang, r-devel-linux-x86_64-fedora-gcc, r-devel-windows-x86_64
Version: 0.3.0
Check: Rd cross-references
Result: NOTE
Undeclared package ‘sitmo’ in Rd xrefs
Flavor: r-devel-linux-x86_64-fedora-clang