CRAN Package Check Results for Package dpseg

Last updated on 2022-10-02 11:54:11 CEST.

Flavor Version Tinstall Tcheck Ttotal Status Flags
r-devel-linux-x86_64-debian-clang 0.1.1 23.47 57.21 80.68 OK
r-devel-linux-x86_64-debian-gcc 0.1.1 19.76 43.51 63.27 OK
r-devel-linux-x86_64-fedora-clang 0.1.1 117.32 NOTE
r-devel-linux-x86_64-fedora-gcc 0.1.1 110.39 OK
r-devel-windows-x86_64 0.1.1 29.00 114.00 143.00 OK
r-patched-linux-x86_64 0.1.1 22.69 54.72 77.41 OK
r-release-linux-x86_64 0.1.1 20.90 53.56 74.46 OK
r-release-macos-arm64 0.1.1 34.00 OK
r-release-macos-x86_64 0.1.1 45.00 OK
r-release-windows-x86_64 0.1.1 31.00 123.00 154.00 OK
r-oldrel-macos-arm64 0.1.1 37.00 OK
r-oldrel-macos-x86_64 0.1.1 64.00 OK
r-oldrel-windows-ix86+x86_64 0.1.1 58.00 107.00 165.00 OK

Check Details

Version: 0.1.1
Check: Rd cross-references
Result: NOTE
    Undeclared package ‘RcppEigen’ in Rd xrefs
Flavor: r-devel-linux-x86_64-fedora-clang