CRAN Package Check Results for Package dowser

Last updated on 2021-12-03 11:51:46 CET.

Flavor Version Tinstall Tcheck Ttotal Status Flags
r-devel-linux-x86_64-debian-clang 0.1.0 45.50 414.40 459.90 OK
r-devel-linux-x86_64-debian-gcc 0.1.0 40.32 320.53 360.85 OK
r-devel-linux-x86_64-fedora-clang 0.1.0 571.06 OK
r-devel-linux-x86_64-fedora-gcc 0.1.0 564.92 OK
r-devel-windows-x86_64-new-UL 0.1.0 77.00 567.00 644.00 OK
r-devel-windows-x86_64-new-TK 0.1.0 OK
r-devel-windows-x86_64-old 0.1.0 68.00 383.00 451.00 OK
r-patched-linux-x86_64 0.1.0 51.47 426.63 478.10 OK
r-patched-solaris-x86 0.1.0 796.70 OK
r-release-linux-x86_64 0.1.0 38.87 423.29 462.16 OK
r-release-macos-arm64 0.1.0 OK
r-release-macos-x86_64 0.1.0 OK
r-release-windows-ix86+x86_64 0.1.0 103.00 539.00 642.00 OK
r-oldrel-macos-x86_64 0.1.0 ERROR
r-oldrel-windows-ix86+x86_64 0.1.0 9.00 8.00 17.00 ERROR

Check Details

Version: 0.1.0
Check: package dependencies
Result: ERROR
    Package required but not available: ‘ggtree’
    
    See section ‘The DESCRIPTION file’ in the ‘Writing R Extensions’
    manual.
Flavor: r-oldrel-macos-x86_64

Version: 0.1.0
Check: whether package can be installed
Result: ERROR
    Installation failed.
Flavor: r-oldrel-windows-ix86+x86_64