CRAN Package Check Results for Package dotwhisker

Last updated on 2021-07-24 07:49:23 CEST.

Flavor Version Tinstall Tcheck Ttotal Status Flags
r-devel-linux-x86_64-debian-clang 0.7.0 7.63 141.39 149.02 OK
r-devel-linux-x86_64-debian-gcc 0.7.0 5.30 102.93 108.23 OK
r-devel-linux-x86_64-fedora-clang 0.7.0 184.89 NOTE
r-devel-linux-x86_64-fedora-gcc 0.7.0 171.95 OK
r-devel-windows-x86_64 0.7.0 11.00 122.00 133.00 OK
r-devel-windows-x86_64-gcc10-UCRT 0.6.0 NOTE
r-patched-linux-x86_64 0.7.0 11.88 131.14 143.02 OK
r-patched-solaris-x86 0.7.0 224.00 OK
r-release-linux-x86_64 0.7.0 5.96 130.29 136.25 OK
r-release-macos-arm64 0.6.0 NOTE
r-release-macos-x86_64 0.7.0 OK
r-release-windows-ix86+x86_64 0.7.0 23.00 163.00 186.00 OK
r-oldrel-macos-x86_64 0.7.0 OK
r-oldrel-windows-ix86+x86_64 0.7.0 26.00 164.00 190.00 OK

Check Details

Version: 0.7.0
Check: Rd cross-references
Result: NOTE
    Undeclared package ‘broomExtra’ in Rd xrefs
Flavor: r-devel-linux-x86_64-fedora-clang

Version: 0.6.0
Check: LazyData
Result: NOTE
     'LazyData' is specified without a 'data' directory
Flavors: r-devel-windows-x86_64-gcc10-UCRT, r-release-macos-arm64