CRAN Package Check Results for Package dotgen

Last updated on 2022-08-12 09:52:00 CEST.

Flavor Version Tinstall Tcheck Ttotal Status Flags
r-devel-linux-x86_64-debian-clang 0.1.0 1.73 25.43 27.16 NOTE
r-devel-linux-x86_64-debian-gcc 0.1.0 1.67 19.61 21.28 NOTE
r-devel-linux-x86_64-fedora-clang 0.1.0 43.73 NOTE
r-devel-linux-x86_64-fedora-gcc 0.1.0 44.58 NOTE
r-devel-windows-x86_64 0.1.0 6.00 50.00 56.00 NOTE
r-patched-linux-x86_64 0.1.0 2.42 23.71 26.13 NOTE
r-release-linux-x86_64 0.1.0 2.33 23.73 26.06 NOTE
r-release-macos-arm64 0.1.0 15.00 NOTE
r-release-macos-x86_64 0.1.0 20.00 NOTE
r-release-windows-x86_64 0.1.0 6.00 48.00 54.00 NOTE
r-oldrel-macos-arm64 0.1.0 20.00 NOTE
r-oldrel-macos-x86_64 0.1.0 29.00 NOTE
r-oldrel-windows-ix86+x86_64 0.1.0 4.00 48.00 52.00 NOTE

Check Details

Version: 0.1.0
Check: LazyData
Result: NOTE
     'LazyData' is specified without a 'data' directory
Flavors: r-devel-linux-x86_64-debian-clang, r-devel-linux-x86_64-debian-gcc, r-devel-linux-x86_64-fedora-clang, r-devel-linux-x86_64-fedora-gcc, r-devel-windows-x86_64, r-patched-linux-x86_64, r-release-linux-x86_64, r-release-macos-arm64, r-release-macos-x86_64, r-release-windows-x86_64, r-oldrel-macos-arm64, r-oldrel-macos-x86_64, r-oldrel-windows-ix86+x86_64