Last updated on 2022-07-03 17:52:03 CEST.
Flavor | Version | Tinstall | Tcheck | Ttotal | Status | Flags |
---|---|---|---|---|---|---|
r-devel-linux-x86_64-debian-clang | 1.0.0 | 15.29 | 310.43 | 325.72 | OK | |
r-devel-linux-x86_64-debian-gcc | 1.0.0 | 13.03 | 215.82 | 228.85 | OK | |
r-devel-linux-x86_64-fedora-clang | 1.0.0 | 368.46 | NOTE | |||
r-devel-linux-x86_64-fedora-gcc | 1.0.0 | 371.17 | NOTE | |||
r-devel-windows-x86_64 | 1.0.0 | 30.00 | 311.00 | 341.00 | OK | |
r-patched-linux-x86_64 | 1.0.0 | 14.21 | 274.22 | 288.43 | OK | |
r-release-linux-x86_64 | 1.0.0 | 12.08 | 278.15 | 290.23 | OK | |
r-release-macos-arm64 | 1.0.0 | 131.00 | NOTE | |||
r-release-macos-x86_64 | 1.0.0 | 193.00 | NOTE | |||
r-release-windows-x86_64 | 1.0.0 | 24.00 | 325.00 | 349.00 | OK | |
r-oldrel-macos-arm64 | 1.0.0 | 183.00 | NOTE | |||
r-oldrel-macos-x86_64 | 1.0.0 | 201.00 | NOTE | |||
r-oldrel-windows-ix86+x86_64 | 1.0.0 | 33.00 | 321.00 | 354.00 | OK |
Version: 1.0.0
Check: dependencies in R code
Result: NOTE
Namespace in Imports field not imported from: ‘gridExtra’
All declared Imports should be used.
Flavors: r-devel-linux-x86_64-fedora-clang, r-devel-linux-x86_64-fedora-gcc, r-release-macos-arm64, r-release-macos-x86_64, r-oldrel-macos-arm64, r-oldrel-macos-x86_64