Last updated on 2022-07-06 17:49:03 CEST.
Flavor | Version | Tinstall | Tcheck | Ttotal | Status | Flags |
---|---|---|---|---|---|---|
r-devel-linux-x86_64-debian-clang | 1.42.1 | 11.01 | 109.19 | 120.20 | OK | |
r-devel-linux-x86_64-debian-gcc | 1.42.1 | 9.30 | 75.94 | 85.24 | OK | |
r-devel-linux-x86_64-fedora-clang | 1.42.1 | 152.54 | NOTE | |||
r-devel-linux-x86_64-fedora-gcc | 1.42.1 | 150.10 | NOTE | |||
r-devel-windows-x86_64 | 1.42.1 | 37.00 | 160.00 | 197.00 | NOTE | |
r-patched-linux-x86_64 | 1.42.1 | 9.89 | 105.86 | 115.75 | OK | |
r-release-linux-x86_64 | 1.42.1 | 10.11 | 105.08 | 115.19 | OK | |
r-release-macos-arm64 | 1.42.1 | 222.00 | NOTE | |||
r-release-macos-x86_64 | 1.42.1 | 403.00 | NOTE | |||
r-release-windows-x86_64 | 1.42.1 | 51.00 | 163.00 | 214.00 | NOTE | |
r-oldrel-macos-arm64 | 1.42.1 | 230.00 | NOTE | |||
r-oldrel-macos-x86_64 | 1.42.1 | 373.00 | NOTE | |||
r-oldrel-windows-ix86+x86_64 | 1.42.1 | 20.00 | 142.00 | 162.00 | NOTE |
Version: 1.42.1
Check: installed package size
Result: NOTE
installed size is 6.5Mb
sub-directories of 1Mb or more:
R 2.1Mb
data 2.0Mb
extdata 2.3Mb
Flavors: r-devel-linux-x86_64-fedora-clang, r-devel-windows-x86_64, r-release-macos-arm64, r-release-macos-x86_64, r-release-windows-x86_64, r-oldrel-macos-arm64, r-oldrel-macos-x86_64, r-oldrel-windows-ix86+x86_64
Version: 1.42.1
Check: dependencies in R code
Result: NOTE
Namespace in Imports field not imported from: ‘usethis’
All declared Imports should be used.
Flavors: r-devel-linux-x86_64-fedora-clang, r-devel-linux-x86_64-fedora-gcc, r-release-macos-arm64, r-release-macos-x86_64, r-oldrel-macos-arm64, r-oldrel-macos-x86_64