Last updated on 2022-05-24 02:52:36 CEST.
Flavor | Version | Tinstall | Tcheck | Ttotal | Status | Flags |
---|---|---|---|---|---|---|
r-devel-linux-x86_64-debian-clang | 0.2.13 | 171.86 | 341.08 | 512.94 | NOTE | |
r-devel-linux-x86_64-debian-gcc | 0.2.13 | 142.16 | 247.96 | 390.12 | NOTE | |
r-devel-linux-x86_64-fedora-clang | 0.2.13 | 673.92 | NOTE | |||
r-devel-linux-x86_64-fedora-gcc | 0.2.13 | 639.42 | NOTE | |||
r-devel-windows-x86_64 | 0.2.13 | 171.00 | 336.00 | 507.00 | NOTE | |
r-patched-linux-x86_64 | 0.2.13 | 153.16 | 322.85 | 476.01 | NOTE | |
r-release-linux-x86_64 | 0.2.13 | NOTE | ||||
r-release-macos-arm64 | 0.2.13 | 151.00 | NOTE | |||
r-release-macos-x86_64 | 0.2.13 | 314.00 | NOTE | |||
r-release-windows-x86_64 | 0.2.13 | 171.00 | 350.00 | 521.00 | NOTE | |
r-oldrel-macos-arm64 | 0.2.13 | 161.00 | NOTE | |||
r-oldrel-macos-x86_64 | 0.2.13 | 222.00 | NOTE | |||
r-oldrel-windows-ix86+x86_64 | 0.2.13 | 410.00 | 555.00 | 965.00 | NOTE |
Version: 0.2.13
Check: for GNU extensions in Makefiles
Result: NOTE
GNU make is a SystemRequirements.
Flavors: r-devel-linux-x86_64-debian-clang, r-devel-linux-x86_64-debian-gcc, r-devel-linux-x86_64-fedora-clang, r-devel-linux-x86_64-fedora-gcc, r-devel-windows-x86_64, r-patched-linux-x86_64, r-release-linux-x86_64, r-release-macos-arm64, r-release-macos-x86_64, r-release-windows-x86_64, r-oldrel-macos-arm64, r-oldrel-macos-x86_64, r-oldrel-windows-ix86+x86_64
Version: 0.2.13
Check: installed package size
Result: NOTE
installed size is 14.2Mb
sub-directories of 1Mb or more:
doc 5.2Mb
libs 8.3Mb
Flavors: r-devel-linux-x86_64-fedora-clang, r-devel-windows-x86_64, r-release-macos-arm64, r-release-macos-x86_64, r-release-windows-x86_64, r-oldrel-macos-arm64, r-oldrel-macos-x86_64, r-oldrel-windows-ix86+x86_64