CRAN Package Check Results for Package docopulae

Last updated on 2021-08-02 07:51:44 CEST.

Flavor Version Tinstall Tcheck Ttotal Status Flags
r-devel-linux-x86_64-debian-clang 0.4.0 4.39 69.31 73.70 NOTE
r-devel-linux-x86_64-debian-gcc 0.4.0 4.26 48.44 52.70 NOTE
r-devel-linux-x86_64-fedora-clang 0.4.0 95.43 NOTE
r-devel-linux-x86_64-fedora-gcc 0.4.0 80.61 NOTE
r-devel-windows-x86_64 0.4.0 7.00 85.00 92.00 NOTE
r-devel-windows-x86_64-gcc10-UCRT 0.4.0 NOTE
r-patched-linux-x86_64 0.4.0 NOTE
r-patched-solaris-x86 0.4.0 107.10 NOTE
r-release-linux-x86_64 0.4.0 4.58 67.00 71.58 NOTE
r-release-macos-arm64 0.4.0 NOTE
r-release-macos-x86_64 0.4.0 NOTE
r-release-windows-ix86+x86_64 0.4.0 12.00 96.00 108.00 NOTE
r-oldrel-macos-x86_64 0.4.0 OK
r-oldrel-windows-ix86+x86_64 0.4.0 15.00 124.00 139.00 OK

Check Details

Version: 0.4.0
Check: LazyData
Result: NOTE
     'LazyData' is specified without a 'data' directory
Flavors: r-devel-linux-x86_64-debian-clang, r-devel-linux-x86_64-debian-gcc, r-devel-linux-x86_64-fedora-clang, r-devel-linux-x86_64-fedora-gcc, r-devel-windows-x86_64, r-devel-windows-x86_64-gcc10-UCRT, r-patched-linux-x86_64, r-patched-solaris-x86, r-release-linux-x86_64, r-release-macos-arm64, r-release-macos-x86_64, r-release-windows-ix86+x86_64