CRAN Package Check Results for Package doRNG

Last updated on 2024-07-13 06:49:35 CEST.

Flavor Version Tinstall Tcheck Ttotal Status Flags
r-devel-linux-x86_64-debian-clang 1.8.6 1.72 55.98 57.70 OK
r-devel-linux-x86_64-debian-gcc 1.8.6 1.73 43.88 45.61 OK
r-devel-linux-x86_64-fedora-clang 1.8.6 76.17 OK
r-devel-linux-x86_64-fedora-gcc 1.8.6 85.06 OK
r-devel-windows-x86_64 1.8.6 3.00 99.00 102.00 NOTE
r-patched-linux-x86_64 1.8.6 2.92 55.22 58.14 OK
r-release-linux-x86_64 1.8.6 1.59 54.67 56.26 OK
r-release-macos-arm64 1.8.6 82.00 NOTE
r-release-macos-x86_64 1.8.6 85.00 WARN
r-release-windows-x86_64 1.8.6 4.00 98.00 102.00 OK
r-oldrel-macos-arm64 1.8.6 89.00 NOTE
r-oldrel-macos-x86_64 1.8.6 145.00 NOTE
r-oldrel-windows-x86_64 1.8.6 4.00 105.00 109.00 OK

Check Details

Version: 1.8.6
Check: Rd cross-references
Result: NOTE Found the following Rd file(s) with Rd \link{} targets missing package anchors: doRNG-package.Rd: RNGseq grapes-dorng-grapes.Rd: foreach Please provide package anchors for all Rd \link{} targets not in the package itself and the base packages. Flavor: r-devel-windows-x86_64

Version: 1.8.6
Check: package dependencies
Result: NOTE Package suggested but not available for checking: ‘doMPI’ Flavors: r-release-macos-arm64, r-release-macos-x86_64, r-oldrel-macos-arm64, r-oldrel-macos-x86_64

Version: 1.8.6
Check: Rd cross-references
Result: NOTE Package unavailable to check Rd xrefs: ‘doMPI’ Flavors: r-release-macos-arm64, r-release-macos-x86_64, r-oldrel-macos-arm64, r-oldrel-macos-x86_64

Version: 1.8.6
Check: re-building of vignette outputs
Result: WARN Error(s) in re-building vignettes: --- re-building ‘doRNG.Rnw’ using knitr Error in citation(x) : there is no package called 'doMPI' Converted 5 of 6 package citations to BibTeX Writing 5 Bibtex entries ... OK Results written to file 'Rpackages.bib' Error: processing vignette 'doRNG.Rnw' failed with diagnostics: Running 'texi2dvi' on 'doRNG.tex' failed. LaTeX errors: ! Undefined control sequence. l.160 \hlkwd{library}\hldef {(doParallel)} ? ! Emergency stop. ! Emergency stop. l.160 End of file on the terminal! ! ==> Fatal error occurred, no output PDF file produced! --- failed re-building ‘doRNG.Rnw’ SUMMARY: processing the following file failed: ‘doRNG.Rnw’ Error: Vignette re-building failed. Execution halted Flavor: r-release-macos-x86_64