CRAN Package Check Results for Package dml

Last updated on 2021-09-21 16:51:17 CEST.

Flavor Version Tinstall Tcheck Ttotal Status Flags
r-devel-linux-x86_64-debian-clang 1.1.0 7.62 81.77 89.39 OK
r-devel-linux-x86_64-debian-gcc 1.1.0 6.15 60.37 66.52 OK
r-devel-linux-x86_64-fedora-clang 1.1.0 117.05 OK
r-devel-linux-x86_64-fedora-gcc 1.1.0 103.48 OK
r-devel-windows-x86_64 1.1.0 9.00 67.00 76.00 OK
r-devel-windows-x86_64-gcc10-UCRT 1.1.0 ERROR
r-patched-linux-x86_64 1.1.0 8.30 77.89 86.19 OK
r-patched-solaris-x86 1.1.0 150.10 OK
r-release-linux-x86_64 1.1.0 8.42 77.27 85.69 OK
r-release-macos-arm64 1.1.0 OK
r-release-macos-x86_64 1.1.0 OK
r-release-windows-ix86+x86_64 1.1.0 16.00 79.00 95.00 OK
r-oldrel-macos-x86_64 1.1.0 OK
r-oldrel-windows-ix86+x86_64 1.1.0 17.00 74.00 91.00 OK

Check Details

Version: 1.1.0
Check: whether package can be installed
Result: WARN
    Found the following significant warnings:
     WARNING: installation-time patches will not be applied, could not get the patches index
Flavor: r-devel-windows-x86_64-gcc10-UCRT

Version: 1.1.0
Check: PDF version of manual
Result: WARN
    LaTeX errors when creating PDF version.
    This typically indicates Rd problems.
Flavor: r-devel-windows-x86_64-gcc10-UCRT

Version: 1.1.0
Check: PDF version of manual without hyperrefs or index
Result: ERROR
    Re-running with no redirection of stdout/stderr.
Flavor: r-devel-windows-x86_64-gcc10-UCRT