CRAN Package Check Results for Package dmdScheme

Last updated on 2021-07-23 07:49:44 CEST.

Flavor Version Tinstall Tcheck Ttotal Status Flags
r-devel-linux-x86_64-debian-clang 1.2.6 10.10 1219.11 1229.21 NOTE
r-devel-linux-x86_64-debian-gcc 1.2.6 7.63 790.21 797.84 NOTE
r-devel-linux-x86_64-fedora-clang 1.2.6 1313.20 NOTE
r-devel-linux-x86_64-fedora-gcc 1.2.6 162.14 NOTE
r-devel-windows-x86_64 1.2.6 17.00 336.00 353.00 NOTE
r-devel-windows-x86_64-gcc10-UCRT 1.2.6 NOTE
r-patched-linux-x86_64 1.2.6 9.18 1077.67 1086.85 NOTE
r-patched-solaris-x86 1.2.6 1676.00 NOTE
r-release-linux-x86_64 1.2.6 9.32 1052.14 1061.46 NOTE
r-release-macos-arm64 1.2.6 NOTE
r-release-macos-x86_64 1.2.6 NOTE
r-release-windows-ix86+x86_64 1.2.6 26.00 177.00 203.00 NOTE
r-oldrel-macos-x86_64 1.2.6 OK
r-oldrel-windows-ix86+x86_64 1.2.6 26.00 312.00 338.00 OK

Check Details

Version: 1.2.6
Check: LazyData
Result: NOTE
     'LazyData' is specified without a 'data' directory
Flavors: r-devel-linux-x86_64-debian-clang, r-devel-linux-x86_64-debian-gcc, r-devel-linux-x86_64-fedora-clang, r-devel-linux-x86_64-fedora-gcc, r-devel-windows-x86_64, r-devel-windows-x86_64-gcc10-UCRT, r-patched-linux-x86_64, r-patched-solaris-x86, r-release-linux-x86_64, r-release-macos-arm64, r-release-macos-x86_64, r-release-windows-ix86+x86_64

Version: 1.2.6
Check: for non-standard things in the check directory
Result: NOTE
    Found the following files/directories:
     ‘emeScheme’
Flavor: r-devel-linux-x86_64-fedora-gcc