CRAN Package Check Results for Package dlnm

Last updated on 2022-01-23 12:59:37 CET.

Flavor Version Tinstall Tcheck Ttotal Status Flags
r-devel-linux-x86_64-debian-clang 2.4.7 11.51 118.44 129.95 OK
r-devel-linux-x86_64-debian-gcc 2.4.7 9.04 101.60 110.64 OK
r-devel-linux-x86_64-fedora-clang 2.4.7 168.16 OK
r-devel-linux-x86_64-fedora-gcc 2.4.7 154.71 OK
r-devel-windows-x86_64-new-UL 2.4.7 48.00 234.00 282.00 OK
r-devel-windows-x86_64-new-TK 2.4.7 NOTE
r-patched-linux-x86_64 2.4.7 11.27 120.57 131.84 OK
r-release-linux-x86_64 2.4.7 7.76 120.63 128.39 OK
r-release-macos-arm64 2.4.7 OK
r-release-macos-x86_64 2.4.7 OK
r-release-windows-ix86+x86_64 2.4.7 20.00 166.00 186.00 OK
r-oldrel-macos-x86_64 2.4.7 OK
r-oldrel-windows-ix86+x86_64 2.4.7 21.00 168.00 189.00 OK

Check Details

Version: 2.4.7
Check: package dependencies
Result: NOTE
    Package suggested but not available for checking: 'lme4'
Flavor: r-devel-windows-x86_64-new-TK

Version: 2.4.7
Check: Rd cross-references
Result: NOTE
    Package unavailable to check Rd xrefs: 'lme4'
Flavor: r-devel-windows-x86_64-new-TK