Last updated on 2023-02-04 04:53:46 CET.
Flavor | Version | Tinstall | Tcheck | Ttotal | Status | Flags |
---|---|---|---|---|---|---|
r-devel-linux-x86_64-debian-clang | 0.3.4 | 162.18 | 125.71 | 287.89 | NOTE | |
r-devel-linux-x86_64-debian-gcc | 0.3.4 | 132.40 | 93.24 | 225.64 | NOTE | |
r-devel-linux-x86_64-fedora-clang | 0.3.4 | 445.01 | NOTE | |||
r-devel-linux-x86_64-fedora-gcc | 0.3.4 | 375.52 | NOTE | |||
r-devel-windows-x86_64 | 0.3.4 | 147.00 | 184.00 | 331.00 | NOTE | |
r-patched-linux-x86_64 | 0.3.4 | 139.28 | 119.43 | 258.71 | NOTE | |
r-release-linux-x86_64 | 0.3.4 | 139.14 | 118.46 | 257.60 | NOTE | |
r-release-macos-arm64 | 0.3.4 | 86.00 | NOTE | |||
r-release-macos-x86_64 | 0.3.4 | 122.00 | NOTE | |||
r-release-windows-x86_64 | 0.3.4 | 158.00 | 183.00 | 341.00 | NOTE | |
r-oldrel-macos-arm64 | 0.3.4 | 83.00 | NOTE | |||
r-oldrel-macos-x86_64 | 0.3.4 | 118.00 | NOTE | |||
r-oldrel-windows-ix86+x86_64 | 0.3.4 | 373.00 | 206.00 | 579.00 | NOTE |
Version: 0.3.4
Check: package dependencies
Result: NOTE
Package suggested but not available for checking: ‘BOLTSSIRR’
Flavors: r-devel-linux-x86_64-debian-clang, r-devel-linux-x86_64-debian-gcc, r-devel-linux-x86_64-fedora-clang, r-devel-linux-x86_64-fedora-gcc, r-devel-windows-x86_64, r-patched-linux-x86_64, r-release-linux-x86_64, r-release-macos-arm64, r-release-macos-x86_64, r-release-windows-x86_64, r-oldrel-macos-arm64, r-oldrel-macos-x86_64, r-oldrel-windows-ix86+x86_64
Version: 0.3.4
Check: C++ specification
Result: NOTE
Specified C++11: please update to current default of C++17
Flavors: r-devel-linux-x86_64-debian-clang, r-devel-linux-x86_64-debian-gcc, r-devel-linux-x86_64-fedora-clang, r-devel-linux-x86_64-fedora-gcc, r-devel-windows-x86_64
Version: 0.3.4
Check: installed package size
Result: NOTE
installed size is 9.3Mb
sub-directories of 1Mb or more:
libs 8.9Mb
Flavors: r-release-macos-arm64, r-release-macos-x86_64, r-oldrel-macos-arm64, r-oldrel-macos-x86_64