CRAN Package Check Results for Package diversitree

Last updated on 2021-12-01 23:51:35 CET.

Flavor Version Tinstall Tcheck Ttotal Status Flags
r-devel-linux-x86_64-debian-clang 0.9-16 79.35 119.78 199.13 OK
r-devel-linux-x86_64-debian-gcc 0.9-16 55.81 87.22 143.03 OK
r-devel-linux-x86_64-fedora-clang 0.9-16 273.00 NOTE
r-devel-linux-x86_64-fedora-gcc 0.9-16 245.26 OK
r-devel-windows-x86_64-new-UL 0.9-16 136.00 178.00 314.00 OK
r-devel-windows-x86_64-new-TK 0.9-16 OK
r-devel-windows-x86_64-old 0.9-16 105.00 107.00 212.00 OK
r-patched-linux-x86_64 0.9-16 68.06 113.33 181.39 OK
r-patched-solaris-x86 0.9-16 254.90 OK
r-release-linux-x86_64 0.9-16 67.55 114.01 181.56 OK
r-release-macos-arm64 0.9-16 NOTE
r-release-macos-x86_64 0.9-16 NOTE
r-release-windows-ix86+x86_64 0.9-16 186.00 182.00 368.00 NOTE
r-oldrel-macos-x86_64 0.9-16 NOTE
r-oldrel-windows-ix86+x86_64 0.9-16 195.00 181.00 376.00 NOTE

Check Details

Version: 0.9-16
Check: installed package size
Result: NOTE
     installed size is 6.1Mb
     sub-directories of 1Mb or more:
     libs 4.8Mb
Flavors: r-devel-linux-x86_64-fedora-clang, r-release-macos-arm64, r-release-macos-x86_64, r-release-windows-ix86+x86_64, r-oldrel-macos-x86_64, r-oldrel-windows-ix86+x86_64