Last updated on 2025-01-22 08:49:10 CET.
Flavor | Version | Tinstall | Tcheck | Ttotal | Status | Flags |
---|---|---|---|---|---|---|
r-devel-linux-x86_64-debian-clang | 1.0.1 | 6.40 | 123.27 | 129.67 | NOTE | |
r-devel-linux-x86_64-debian-gcc | 1.0.1 | 3.94 | 83.43 | 87.37 | NOTE | |
r-devel-linux-x86_64-fedora-clang | 1.0.1 | 204.80 | OK | |||
r-devel-linux-x86_64-fedora-gcc | 1.0.1 | 190.89 | OK | |||
r-devel-windows-x86_64 | 1.0.1 | 7.00 | 121.00 | 128.00 | NOTE | |
r-patched-linux-x86_64 | 1.0.1 | 11.26 | 114.52 | 125.78 | OK | |
r-release-linux-x86_64 | 1.0.1 | 5.15 | 115.01 | 120.16 | OK | |
r-release-macos-arm64 | 1.0.1 | 67.00 | OK | |||
r-release-macos-x86_64 | 1.0.1 | 86.00 | OK | |||
r-release-windows-x86_64 | 1.0.1 | 7.00 | 120.00 | 127.00 | OK | |
r-oldrel-macos-arm64 | 1.0.1 | 65.00 | OK | |||
r-oldrel-macos-x86_64 | 1.0.1 | 136.00 | OK | |||
r-oldrel-windows-x86_64 | 1.0.1 | 9.00 | 160.00 | 169.00 | OK |
Version: 1.0.1
Check: Rd cross-references
Result: NOTE
Found the following Rd file(s) with Rd \link{} targets missing package
anchors:
freqPlot.Rd: geom_violin
scatterHex.Rd: ggrepel
scatterPlot.Rd: ggrepel
yPlot.Rd: geom_violin
Please provide package anchors for all Rd \link{} targets not in the
package itself and the base packages.
Flavors: r-devel-linux-x86_64-debian-clang, r-devel-linux-x86_64-debian-gcc, r-devel-windows-x86_64