CRAN Package Check Results for Package distro

Last updated on 2023-03-29 04:51:09 CEST.

Flavor Version Tinstall Tcheck Ttotal Status Flags
r-devel-linux-x86_64-debian-clang 0.1.0 1.68 21.13 22.81 NOTE
r-devel-linux-x86_64-debian-gcc 0.1.0 1.38 16.96 18.34 NOTE
r-devel-linux-x86_64-fedora-clang 0.1.0 29.92 NOTE
r-devel-linux-x86_64-fedora-gcc 0.1.0 43.33 NOTE
r-devel-windows-x86_64 0.1.0 8.00 0.00 8.00 NOTE
r-patched-linux-x86_64 0.1.0 1.89 20.51 22.40 NOTE
r-release-linux-x86_64 0.1.0 1.73 22.30 24.03 NOTE
r-release-macos-arm64 0.1.0 19.00 NOTE
r-release-macos-x86_64 0.1.0 27.00 NOTE
r-release-windows-x86_64 0.1.0 13.00 46.00 59.00 NOTE
r-oldrel-macos-arm64 0.1.0 22.00 NOTE
r-oldrel-macos-x86_64 0.1.0 57.00 NOTE
r-oldrel-windows-ix86+x86_64 0.1.0 5.00 46.00 51.00 NOTE

Check Details

Version: 0.1.0
Check: LazyData
Result: NOTE
     'LazyData' is specified without a 'data' directory
Flavors: r-devel-linux-x86_64-debian-clang, r-devel-linux-x86_64-debian-gcc, r-devel-linux-x86_64-fedora-clang, r-devel-linux-x86_64-fedora-gcc, r-devel-windows-x86_64, r-patched-linux-x86_64, r-release-linux-x86_64, r-release-macos-arm64, r-release-macos-x86_64, r-release-windows-x86_64, r-oldrel-macos-arm64, r-oldrel-macos-x86_64, r-oldrel-windows-ix86+x86_64