CRAN Package Check Results for Package distr

Last updated on 2022-05-25 02:52:17 CEST.

Flavor Version Tinstall Tcheck Ttotal Status Flags
r-devel-linux-x86_64-debian-clang 2.8.0 36.94 249.94 286.88 OK
r-devel-linux-x86_64-debian-gcc 2.8.0 30.19 185.94 216.13 OK
r-devel-linux-x86_64-fedora-clang 2.8.0 259.52 NOTE
r-devel-linux-x86_64-fedora-gcc 2.8.0 259.41 OK
r-devel-windows-x86_64 2.8.0 183.00 279.00 462.00 OK
r-patched-linux-x86_64 2.8.0 43.16 231.68 274.84 OK
r-release-linux-x86_64 2.8.0 OK
r-release-macos-arm64 2.8.0 79.00 OK
r-release-macos-x86_64 2.8.0 112.00 OK
r-release-windows-x86_64 2.8.0 198.00 295.00 493.00 OK
r-oldrel-macos-arm64 2.8.0 98.00 OK
r-oldrel-macos-x86_64 2.8.0 169.00 OK
r-oldrel-windows-ix86+x86_64 2.8.0 64.00 447.00 511.00 OK

Check Details

Version: 2.8.0
Check: Rd cross-references
Result: NOTE
    Undeclared packages ‘distrMod’, ‘RobAStBase’ in Rd xrefs
Flavor: r-devel-linux-x86_64-fedora-clang