CRAN Package Check Results for Package distory

Last updated on 2021-09-21 16:51:17 CEST.

Flavor Version Tinstall Tcheck Ttotal Status Flags
r-devel-linux-x86_64-debian-clang 1.4.4 11.60 42.50 54.10 OK
r-devel-linux-x86_64-debian-gcc 1.4.4 9.39 32.75 42.14 OK
r-devel-linux-x86_64-fedora-clang 1.4.4 80.65 OK
r-devel-linux-x86_64-fedora-gcc 1.4.4 66.25 OK
r-devel-windows-x86_64 1.4.4 14.00 50.00 64.00 OK
r-devel-windows-x86_64-gcc10-UCRT 1.4.4 ERROR
r-patched-linux-x86_64 1.4.4 11.19 40.92 52.11 OK
r-patched-solaris-x86 1.4.4 103.20 OK
r-release-linux-x86_64 1.4.4 10.25 40.68 50.93 OK
r-release-macos-arm64 1.4.4 OK
r-release-macos-x86_64 1.4.4 OK
r-release-windows-ix86+x86_64 1.4.4 30.00 76.00 106.00 OK
r-oldrel-macos-x86_64 1.4.4 OK
r-oldrel-windows-ix86+x86_64 1.4.4 31.00 74.00 105.00 OK

Check Details

Version: 1.4.4
Check: whether package can be installed
Result: ERROR
    Installation failed.
Flavor: r-devel-windows-x86_64-gcc10-UCRT