CRAN Package Check Results for Package disto

Last updated on 2021-09-25 04:57:33 CEST.

Flavor Version Tinstall Tcheck Ttotal Status Flags
r-devel-linux-x86_64-debian-clang 0.2.0 3.06 41.37 44.43 OK
r-devel-linux-x86_64-debian-gcc 0.2.0 2.33 31.51 33.84 OK
r-devel-linux-x86_64-fedora-clang 0.2.0 61.25 NOTE
r-devel-linux-x86_64-fedora-gcc 0.2.0 50.28 NOTE
r-devel-windows-x86_64 0.2.0 5.00 51.00 56.00 OK
r-devel-windows-x86_64-gcc10-UCRT 0.2.0 NOTE
r-patched-linux-x86_64 0.2.0 3.21 39.28 42.49 OK
r-patched-solaris-x86 0.2.0 63.50 NOTE
r-release-linux-x86_64 0.2.0 2.76 39.57 42.33 OK
r-release-macos-arm64 0.2.0 NOTE
r-release-macos-x86_64 0.2.0 NOTE
r-release-windows-ix86+x86_64 0.2.0 8.00 50.00 58.00 OK
r-oldrel-macos-x86_64 0.2.0 NOTE
r-oldrel-windows-ix86+x86_64 0.2.0 6.00 49.00 55.00 OK

Check Details

Version: 0.2.0
Check: dependencies in R code
Result: NOTE
    Namespaces in Imports field not imported from:
     ‘dplyr’ ‘proxy’
     All declared Imports should be used.
Flavors: r-devel-linux-x86_64-fedora-clang, r-devel-linux-x86_64-fedora-gcc, r-devel-windows-x86_64-gcc10-UCRT, r-patched-solaris-x86, r-release-macos-arm64, r-release-macos-x86_64, r-oldrel-macos-x86_64