CRAN Package Check Results for Package dispositionEffect

Last updated on 2023-02-08 15:52:38 CET.

Flavor Version Tinstall Tcheck Ttotal Status Flags
r-devel-linux-x86_64-debian-clang 1.0.1 5.75 164.84 170.59 OK
r-devel-linux-x86_64-debian-gcc 1.0.1 4.24 120.41 124.65 OK
r-devel-linux-x86_64-fedora-clang 1.0.1 195.79 OK
r-devel-linux-x86_64-fedora-gcc 1.0.1 203.72 OK
r-devel-windows-x86_64 1.0.1 111.00 198.00 309.00 OK
r-patched-linux-x86_64 1.0.1 4.57 156.81 161.38 OK
r-release-linux-x86_64 1.0.1 4.51 150.48 154.99 OK
r-release-macos-arm64 1.0.1 57.00 ERROR
r-release-macos-x86_64 1.0.1 77.00 ERROR
r-release-windows-x86_64 1.0.1 69.00 235.00 304.00 OK
r-oldrel-macos-arm64 1.0.1 58.00 ERROR
r-oldrel-macos-x86_64 1.0.1 84.00 ERROR
r-oldrel-windows-ix86+x86_64 1.0.1 11.00 204.00 215.00 OK

Check Details

Version: 1.0.1
Check: tests
Result: ERROR
     Running ‘testthat.R’ [4s/4s]
    Running the tests in ‘tests/testthat.R’ failed.
    Last 13 lines of output:
     realized_duration(...) not equal to c(...).
     1/4 mismatches
     [1] 29 - 28 == 1
     ── Failure ('test-realized_duration.R:158'): realized_duration works (realized_only = TRUE) ──
     realized_duration(...) not equal to c(...).
     1/4 mismatches
     [2] 29 - 28 == 1
     ── Failure ('test-realized_duration.R:161'): realized_duration works (realized_only = TRUE) ──
     realized_duration(...) not equal to c(...).
     1/4 mismatches
     [1] 29 - 28 == 1
    
     [ FAIL 36 | WARN 1 | SKIP 0 | PASS 331 ]
     Error: Test failures
     Execution halted
Flavors: r-release-macos-arm64, r-oldrel-macos-arm64

Version: 1.0.1
Check: tests
Result: ERROR
     Running ‘testthat.R’ [6s/6s]
    Running the tests in ‘tests/testthat.R’ failed.
    Last 13 lines of output:
     realized_duration(...) not equal to c(...).
     1/4 mismatches
     [1] 31 - 28 == 3
     ── Failure ('test-realized_duration.R:158'): realized_duration works (realized_only = TRUE) ──
     realized_duration(...) not equal to c(...).
     1/4 mismatches
     [2] 31 - 28 == 3
     ── Failure ('test-realized_duration.R:161'): realized_duration works (realized_only = TRUE) ──
     realized_duration(...) not equal to c(...).
     1/4 mismatches
     [1] 31 - 28 == 3
    
     [ FAIL 36 | WARN 1 | SKIP 0 | PASS 331 ]
     Error: Test failures
     Execution halted
Flavors: r-release-macos-x86_64, r-oldrel-macos-x86_64