Last updated on 2023-03-29 04:51:09 CEST.
Flavor | Version | Tinstall | Tcheck | Ttotal | Status | Flags |
---|---|---|---|---|---|---|
r-devel-linux-x86_64-debian-clang | 1.0 | 29.10 | 274.01 | 303.11 | OK | |
r-devel-linux-x86_64-debian-gcc | 1.0 | 24.39 | 206.71 | 231.10 | OK | |
r-devel-linux-x86_64-fedora-clang | 1.0 | 377.48 | NOTE | |||
r-devel-linux-x86_64-fedora-gcc | 1.0 | 363.95 | NOTE | |||
r-devel-windows-x86_64 | 1.0 | 38.00 | 0.00 | 38.00 | OK | |
r-patched-linux-x86_64 | 1.0 | 27.39 | 265.81 | 293.20 | OK | |
r-release-linux-x86_64 | 1.0 | 23.28 | 267.56 | 290.84 | OK | |
r-release-macos-arm64 | 1.0 | 57.00 | NOTE | |||
r-release-macos-x86_64 | 1.0 | 101.00 | NOTE | |||
r-release-windows-x86_64 | 1.0 | 35.00 | 266.00 | 301.00 | OK | |
r-oldrel-macos-arm64 | 1.0 | 54.00 | NOTE | |||
r-oldrel-macos-x86_64 | 1.0 | 102.00 | NOTE | |||
r-oldrel-windows-ix86+x86_64 | 1.0 | 67.00 | 338.00 | 405.00 | OK |
Version: 1.0
Check: dependencies in R code
Result: NOTE
Namespace in Imports field not imported from: ‘rgdal’
All declared Imports should be used.
Flavors: r-devel-linux-x86_64-fedora-clang, r-devel-linux-x86_64-fedora-gcc, r-release-macos-arm64, r-release-macos-x86_64, r-oldrel-macos-arm64, r-oldrel-macos-x86_64