CRAN Package Check Results for Package discharge

Last updated on 2021-09-23 04:56:20 CEST.

Flavor Version Tinstall Tcheck Ttotal Status Flags
r-devel-linux-x86_64-debian-clang 1.0.0 7.54 77.23 84.77 OK
r-devel-linux-x86_64-debian-gcc 1.0.0 5.67 57.60 63.27 OK
r-devel-linux-x86_64-fedora-clang 1.0.0 108.83 OK
r-devel-linux-x86_64-fedora-gcc 1.0.0 97.92 OK
r-devel-windows-x86_64 1.0.0 10.00 105.00 115.00 OK
r-devel-windows-x86_64-gcc10-UCRT 1.0.0 ERROR
r-patched-linux-x86_64 1.0.0 7.54 72.79 80.33 OK
r-patched-solaris-x86 1.0.0 159.30 OK
r-release-linux-x86_64 1.0.0 7.17 72.38 79.55 OK
r-release-macos-arm64 1.0.0 OK
r-release-macos-x86_64 1.0.0 OK
r-release-windows-ix86+x86_64 1.0.0 18.00 101.00 119.00 OK
r-oldrel-macos-x86_64 1.0.0 OK
r-oldrel-windows-ix86+x86_64 1.0.0 13.00 98.00 111.00 OK

Check Details

Version: 1.0.0
Check: PDF version of manual
Result: WARN
    LaTeX errors when creating PDF version.
    This typically indicates Rd problems.
Flavor: r-devel-windows-x86_64-gcc10-UCRT

Version: 1.0.0
Check: PDF version of manual without hyperrefs or index
Result: ERROR
    Re-running with no redirection of stdout/stderr.
Flavor: r-devel-windows-x86_64-gcc10-UCRT