Last updated on 2022-07-05 17:50:29 CEST.
Flavor | Version | Tinstall | Tcheck | Ttotal | Status | Flags |
---|---|---|---|---|---|---|
r-devel-linux-x86_64-debian-clang | 0.1.3 | 94.72 | 149.04 | 243.76 | NOTE | |
r-devel-linux-x86_64-debian-gcc | 0.1.3 | 83.55 | 111.40 | 194.95 | NOTE | |
r-devel-linux-x86_64-fedora-clang | 0.1.3 | 572.75 | NOTE | |||
r-devel-linux-x86_64-fedora-gcc | 0.1.3 | 558.84 | NOTE | |||
r-devel-windows-x86_64 | 0.1.3 | 118.00 | 328.00 | 446.00 | NOTE | |
r-patched-linux-x86_64 | 0.1.3 | 91.57 | 140.88 | 232.45 | NOTE | |
r-release-linux-x86_64 | 0.1.3 | 85.21 | 142.75 | 227.96 | NOTE | |
r-release-macos-arm64 | 0.1.3 | 126.00 | NOTE | |||
r-release-macos-x86_64 | 0.1.3 | 242.00 | NOTE | |||
r-release-windows-x86_64 | 0.1.3 | 121.00 | 295.00 | 416.00 | NOTE | |
r-oldrel-macos-arm64 | 0.1.3 | 130.00 | NOTE | |||
r-oldrel-macos-x86_64 | 0.1.3 | 191.00 | NOTE | |||
r-oldrel-windows-ix86+x86_64 | 0.1.3 | 180.00 | 388.00 | 568.00 | NOTE |
Version: 0.1.3
Check: package dependencies
Result: NOTE
Package suggested but not available for checking: 'INLA'
Flavors: r-devel-linux-x86_64-debian-clang, r-devel-linux-x86_64-debian-gcc, r-devel-windows-x86_64, r-patched-linux-x86_64, r-release-linux-x86_64, r-release-macos-arm64, r-release-macos-x86_64, r-release-windows-x86_64, r-oldrel-macos-arm64, r-oldrel-macos-x86_64
Version: 0.1.3
Check: LazyData
Result: NOTE
'LazyData' is specified without a 'data' directory
Flavors: r-devel-linux-x86_64-debian-clang, r-devel-linux-x86_64-debian-gcc, r-devel-linux-x86_64-fedora-clang, r-devel-linux-x86_64-fedora-gcc, r-devel-windows-x86_64, r-patched-linux-x86_64, r-release-linux-x86_64, r-release-macos-arm64, r-release-macos-x86_64, r-release-windows-x86_64, r-oldrel-macos-arm64, r-oldrel-macos-x86_64, r-oldrel-windows-ix86+x86_64
Version: 0.1.3
Check: installed package size
Result: NOTE
installed size is 17.1Mb
sub-directories of 1Mb or more:
libs 16.8Mb
Flavors: r-devel-linux-x86_64-fedora-clang, r-devel-windows-x86_64, r-release-macos-arm64, r-release-macos-x86_64, r-release-windows-x86_64, r-oldrel-macos-arm64, r-oldrel-macos-x86_64, r-oldrel-windows-ix86+x86_64
Version: 0.1.3
Check: dependencies in R code
Result: NOTE
Namespaces in Imports field not imported from:
‘rgdal’ ‘rgeos’ ‘splancs’ ‘utils’
All declared Imports should be used.
Flavors: r-devel-linux-x86_64-fedora-clang, r-devel-linux-x86_64-fedora-gcc, r-release-macos-arm64, r-release-macos-x86_64, r-oldrel-macos-arm64, r-oldrel-macos-x86_64