CRAN Package Check Results for Package dirmult

Last updated on 2022-01-27 12:53:45 CET.

Flavor Version Tinstall Tcheck Ttotal Status Flags
r-devel-linux-x86_64-debian-clang 0.1.3-4 2.95 36.98 39.93 NOTE
r-devel-linux-x86_64-debian-gcc 0.1.3-4 2.39 28.49 30.88 NOTE
r-devel-linux-x86_64-fedora-clang 0.1.3-4 48.95 NOTE
r-devel-linux-x86_64-fedora-gcc 0.1.3-4 38.19 NOTE
r-devel-windows-x86_64-new-UL 0.1.3-4 30.00 57.00 87.00 NOTE
r-devel-windows-x86_64-new-TK 0.1.3-4 NOTE
r-patched-linux-x86_64 0.1.3-4 3.15 35.74 38.89 NOTE
r-release-linux-x86_64 0.1.3-4 2.17 35.32 37.49 NOTE
r-release-macos-arm64 0.1.3-4 NOTE
r-release-macos-x86_64 0.1.3-4 NOTE
r-release-windows-ix86+x86_64 0.1.3-4 6.00 34.00 40.00 NOTE
r-oldrel-macos-x86_64 0.1.3-4 NOTE
r-oldrel-windows-ix86+x86_64 0.1.3-4 4.00 32.00 36.00 NOTE

Check Details

Version: 0.1.3-4
Check: DESCRIPTION meta-information
Result: NOTE
    Malformed Title field: should not end in a period.
Flavors: r-devel-linux-x86_64-debian-clang, r-devel-linux-x86_64-debian-gcc, r-devel-linux-x86_64-fedora-clang, r-devel-linux-x86_64-fedora-gcc, r-devel-windows-x86_64-new-UL, r-devel-windows-x86_64-new-TK, r-patched-linux-x86_64, r-release-linux-x86_64, r-release-macos-arm64, r-release-macos-x86_64, r-release-windows-ix86+x86_64, r-oldrel-macos-x86_64, r-oldrel-windows-ix86+x86_64

Version: 0.1.3-4
Check: top-level files
Result: NOTE
    Non-standard file/directory found at top level:
     'dirmult.pdf'
Flavors: r-devel-linux-x86_64-debian-clang, r-devel-linux-x86_64-debian-gcc, r-devel-linux-x86_64-fedora-clang, r-devel-linux-x86_64-fedora-gcc, r-patched-linux-x86_64, r-release-linux-x86_64

Version: 0.1.3-4
Check: R code for possible problems
Result: NOTE
    nullTest: no visible global function definition for 'rmultinom'
    rdirichlet: no visible global function definition for 'rgamma'
    simPop: no visible global function definition for 'rnorm'
    simPop: no visible global function definition for 'rmultinom'
    Undefined global functions or variables:
     rgamma rmultinom rnorm
    Consider adding
     importFrom("stats", "rgamma", "rmultinom", "rnorm")
    to your NAMESPACE file.
Flavors: r-devel-linux-x86_64-debian-clang, r-devel-linux-x86_64-debian-gcc, r-devel-linux-x86_64-fedora-clang, r-devel-linux-x86_64-fedora-gcc, r-devel-windows-x86_64-new-UL, r-devel-windows-x86_64-new-TK, r-patched-linux-x86_64, r-release-linux-x86_64, r-release-macos-arm64, r-release-macos-x86_64, r-release-windows-ix86+x86_64, r-oldrel-macos-x86_64, r-oldrel-windows-ix86+x86_64