CRAN Package Check Results for Package dirmcmc

Last updated on 2021-09-26 04:50:29 CEST.

Flavor Version Tinstall Tcheck Ttotal Status Flags
r-devel-linux-x86_64-debian-clang 1.3.3 2.38 29.44 31.82 NOTE
r-devel-linux-x86_64-debian-gcc 1.3.3 1.84 23.39 25.23 NOTE
r-devel-linux-x86_64-fedora-clang 1.3.3 47.66 NOTE
r-devel-linux-x86_64-fedora-gcc 1.3.3 36.40 NOTE
r-devel-windows-x86_64 1.3.3 3.00 35.00 38.00 NOTE
r-devel-windows-x86_64-gcc10-UCRT 1.3.3 NOTE
r-patched-linux-x86_64 1.3.3 8.24 28.50 36.74 NOTE
r-patched-solaris-x86 1.3.3 56.90 NOTE
r-release-linux-x86_64 1.3.3 2.45 28.11 30.56 NOTE
r-release-macos-arm64 1.3.3 NOTE
r-release-macos-x86_64 1.3.3 NOTE
r-release-windows-ix86+x86_64 1.3.3 5.00 36.00 41.00 NOTE
r-oldrel-macos-x86_64 1.3.3 OK
r-oldrel-windows-ix86+x86_64 1.3.3 4.00 35.00 39.00 OK

Check Details

Version: 1.3.3
Check: LazyData
Result: NOTE
     'LazyData' is specified without a 'data' directory
Flavors: r-devel-linux-x86_64-debian-clang, r-devel-linux-x86_64-debian-gcc, r-devel-linux-x86_64-fedora-clang, r-devel-linux-x86_64-fedora-gcc, r-devel-windows-x86_64, r-devel-windows-x86_64-gcc10-UCRT, r-patched-linux-x86_64, r-patched-solaris-x86, r-release-linux-x86_64, r-release-macos-arm64, r-release-macos-x86_64, r-release-windows-ix86+x86_64