CRAN Package Check Results for Package digest

Last updated on 2021-07-25 19:51:29 CEST.

Flavor Version Tinstall Tcheck Ttotal Status Flags
r-devel-linux-x86_64-debian-clang 0.6.27 9.62 30.92 40.54 OK
r-devel-linux-x86_64-debian-gcc 0.6.27 6.37 24.15 30.52 OK
r-devel-linux-x86_64-fedora-clang 0.6.27 61.28 OK
r-devel-linux-x86_64-fedora-gcc 0.6.27 51.02 OK
r-devel-windows-x86_64 0.6.27 21.00 52.00 73.00 OK
r-devel-windows-x86_64-gcc10-UCRT 0.6.27 WARN
r-patched-linux-x86_64 0.6.27 6.84 30.11 36.95 OK
r-patched-solaris-x86 0.6.27 75.70 OK
r-release-linux-x86_64 0.6.27 8.09 30.17 38.26 OK
r-release-macos-arm64 0.6.27 OK
r-release-macos-x86_64 0.6.27 OK
r-release-windows-ix86+x86_64 0.6.27 38.00 45.00 83.00 OK
r-oldrel-macos-x86_64 0.6.27 OK
r-oldrel-windows-ix86+x86_64 0.6.27 32.00 60.00 92.00 OK

Check Details

Version: 0.6.27
Check: whether package can be installed
Result: WARN
    Found the following significant warnings:
     digest.c:207:25: warning: too many arguments for format [-Wformat-extra-args]
     digest.c:432:25: warning: too many arguments for format [-Wformat-extra-args]
Flavor: r-devel-windows-x86_64-gcc10-UCRT