Last updated on 2023-06-06 23:09:51 CEST.
Flavor | Version | Tinstall | Tcheck | Ttotal | Status | Flags |
---|---|---|---|---|---|---|
r-devel-linux-x86_64-debian-clang | 0.6.31 | 11.74 | 30.52 | 42.26 | NOTE | |
r-devel-linux-x86_64-debian-gcc | 0.6.31 | 9.31 | 24.11 | 33.42 | NOTE | |
r-devel-linux-x86_64-fedora-clang | 0.6.31 | 56.23 | NOTE | |||
r-devel-linux-x86_64-fedora-gcc | 0.6.31 | 69.05 | NOTE | |||
r-devel-windows-x86_64 | 0.6.31 | 25.00 | 50.00 | 75.00 | NOTE | |
r-patched-linux-x86_64 | 0.6.31 | 10.16 | 30.17 | 40.33 | NOTE | |
r-release-linux-x86_64 | 0.6.31 | 8.39 | 29.93 | 38.32 | NOTE | |
r-release-macos-arm64 | 0.6.31 | 27.00 | NOTE | |||
r-release-macos-x86_64 | 0.6.31 | 42.00 | NOTE | |||
r-release-windows-x86_64 | 0.6.31 | 23.00 | 61.00 | 84.00 | NOTE | |
r-oldrel-macos-arm64 | 0.6.31 | 24.00 | OK | |||
r-oldrel-macos-x86_64 | 0.6.31 | 50.00 | OK | |||
r-oldrel-windows-x86_64 | 0.6.31 | 19.00 | 53.00 | 72.00 | OK |
Version: 0.6.31
Check: C++ specification
Result: NOTE
Specified C++11: please drop specification unless essential
Flavors: r-devel-linux-x86_64-debian-clang, r-devel-linux-x86_64-debian-gcc, r-devel-linux-x86_64-fedora-clang, r-devel-linux-x86_64-fedora-gcc, r-devel-windows-x86_64, r-patched-linux-x86_64, r-release-linux-x86_64, r-release-macos-arm64, r-release-macos-x86_64, r-release-windows-x86_64