CRAN Package Check Results for Package diffusion

Last updated on 2021-09-21 16:51:16 CEST.

Flavor Version Tinstall Tcheck Ttotal Status Flags
r-devel-linux-x86_64-debian-clang 0.2.7 3.84 39.29 43.13 OK
r-devel-linux-x86_64-debian-gcc 0.2.7 2.88 30.08 32.96 OK
r-devel-linux-x86_64-fedora-clang 0.2.7 60.60 OK
r-devel-linux-x86_64-fedora-gcc 0.2.7 49.47 OK
r-devel-windows-x86_64 0.2.7 5.00 47.00 52.00 OK
r-devel-windows-x86_64-gcc10-UCRT 0.2.7 ERROR
r-patched-linux-x86_64 0.2.7 3.88 37.52 41.40 OK
r-patched-solaris-x86 0.2.7 76.40 OK
r-release-linux-x86_64 0.2.7 3.77 37.57 41.34 OK
r-release-macos-arm64 0.2.7 OK
r-release-macos-x86_64 0.2.7 OK
r-release-windows-ix86+x86_64 0.2.7 10.00 44.00 54.00 OK
r-oldrel-macos-x86_64 0.2.7 OK
r-oldrel-windows-ix86+x86_64 0.2.7 9.00 43.00 52.00 OK

Check Details

Version: 0.2.7
Check: whether package can be installed
Result: WARN
    Found the following significant warnings:
     WARNING: installation-time patches will not be applied, could not get the patches index
Flavor: r-devel-windows-x86_64-gcc10-UCRT

Version: 0.2.7
Check: PDF version of manual
Result: WARN
    LaTeX errors when creating PDF version.
    This typically indicates Rd problems.
Flavor: r-devel-windows-x86_64-gcc10-UCRT

Version: 0.2.7
Check: PDF version of manual without hyperrefs or index
Result: ERROR
    Re-running with no redirection of stdout/stderr.
Flavor: r-devel-windows-x86_64-gcc10-UCRT