CRAN Package Check Results for Package diffdepprop

Last updated on 2022-05-23 14:53:24 CEST.

Flavor Version Tinstall Tcheck Ttotal Status Flags
r-devel-linux-x86_64-debian-clang 0.1-9 2.59 35.66 38.25 NOTE
r-devel-linux-x86_64-debian-gcc 0.1-9 2.64 27.87 30.51 NOTE
r-devel-linux-x86_64-fedora-clang 0.1-9 47.78 NOTE
r-devel-linux-x86_64-fedora-gcc 0.1-9 46.46 NOTE
r-devel-windows-x86_64 0.1-9 20.00 52.00 72.00 NOTE
r-patched-linux-x86_64 0.1-9 3.27 34.20 37.47 NOTE
r-release-linux-x86_64 0.1-9 NOTE
r-release-macos-arm64 0.1-9 17.00 NOTE
r-release-macos-x86_64 0.1-9 23.00 NOTE
r-release-windows-x86_64 0.1-9 25.00 54.00 79.00 NOTE
r-oldrel-macos-arm64 0.1-9 22.00 NOTE
r-oldrel-macos-x86_64 0.1-9 28.00 NOTE
r-oldrel-windows-ix86+x86_64 0.1-9 7.00 45.00 52.00 NOTE

Check Details

Version: 0.1-9
Check: dependencies in R code
Result: NOTE
    Packages in Depends field not imported from:
     'PropCIs' 'gee' 'rootSolve'
     These packages need to be imported from (in the NAMESPACE file)
     for when this namespace is loaded but not attached.
Flavors: r-devel-linux-x86_64-debian-clang, r-devel-linux-x86_64-debian-gcc, r-devel-linux-x86_64-fedora-clang, r-devel-linux-x86_64-fedora-gcc, r-devel-windows-x86_64, r-patched-linux-x86_64, r-release-linux-x86_64, r-release-macos-arm64, r-release-macos-x86_64, r-release-windows-x86_64, r-oldrel-macos-arm64, r-oldrel-macos-x86_64, r-oldrel-windows-ix86+x86_64

Version: 0.1-9
Check: R code for possible problems
Result: NOTE
    diffpci: no visible global function definition for 'diffpropci.Wald.mp'
    diffpci: no visible global function definition for 'diffpropci.mp'
    diffpci: no visible global function definition for 'scoreci.mp'
    exact.cond : exactci: no visible global function definition for 'qf'
    exact.midp : binom.midp : f.low: no visible global function definition
     for 'dbinom'
    exact.midp : binom.midp : f.low: no visible global function definition
     for 'pbinom'
    exact.midp : binom.midp : f.up: no visible global function definition
     for 'dbinom'
    exact.midp : binom.midp : f.up: no visible global function definition
     for 'pbinom'
    exact.midp : binom.midp : one.ci: no visible global function definition
     for 'uniroot'
    np.nv: no visible global function definition for 'qnorm'
    np.t: no visible global function definition for 'qt'
    uncond: no visible global function definition for 'qnorm'
    wald.cc: no visible global function definition for 'qnorm'
    wilson: no visible global function definition for 'qnorm'
    wilson: no visible global function definition for 'uniroot.all'
    wilson.cc: no visible global function definition for 'qnorm'
    wilson.cc: no visible global function definition for 'uniroot.all'
    wilson.phi: no visible global function definition for 'qnorm'
    wilson.phi: no visible global function definition for 'uniroot.all'
    Undefined global functions or variables:
     dbinom diffpropci.Wald.mp diffpropci.mp pbinom qf qnorm qt scoreci.mp
     uniroot uniroot.all
    Consider adding
     importFrom("stats", "dbinom", "pbinom", "qf", "qnorm", "qt", "uniroot")
    to your NAMESPACE file.
Flavors: r-devel-linux-x86_64-debian-clang, r-devel-linux-x86_64-debian-gcc, r-devel-linux-x86_64-fedora-clang, r-devel-linux-x86_64-fedora-gcc, r-devel-windows-x86_64, r-patched-linux-x86_64, r-release-linux-x86_64, r-release-macos-arm64, r-release-macos-x86_64, r-release-windows-x86_64, r-oldrel-macos-arm64, r-oldrel-macos-x86_64, r-oldrel-windows-ix86+x86_64