CRAN Package Check Results for Package diffIRT

Last updated on 2022-08-12 21:53:00 CEST.

Flavor Version Tinstall Tcheck Ttotal Status Flags
r-devel-linux-x86_64-debian-clang 1.5 5.58 35.07 40.65 OK
r-devel-linux-x86_64-debian-gcc 1.5 4.76 26.57 31.33 OK
r-devel-linux-x86_64-fedora-clang 1.5 61.45 NOTE
r-devel-linux-x86_64-fedora-gcc 1.5 61.74 NOTE
r-devel-windows-x86_64 1.5 18.00 59.00 77.00 OK
r-patched-linux-x86_64 1.5 5.19 32.67 37.86 OK
r-release-linux-x86_64 1.5 4.73 33.38 38.11 OK
r-release-macos-arm64 1.5 19.00 OK
r-release-macos-x86_64 1.5 28.00 OK
r-release-windows-x86_64 1.5 12.00 57.00 69.00 OK
r-oldrel-macos-arm64 1.5 21.00 OK
r-oldrel-macos-x86_64 1.5 36.00 OK
r-oldrel-windows-ix86+x86_64 1.5 15.00 56.00 71.00 OK

Check Details

Version: 1.5
Check: compiled code
Result: NOTE
    File ‘diffIRT/libs/diffIRT.so’:
     Found no calls to: ‘R_registerRoutines’, ‘R_useDynamicSymbols’
    
    It is good practice to register native routines and to disable symbol
    search.
    
    See ‘Writing portable packages’ in the ‘Writing R Extensions’ manual.
Flavors: r-devel-linux-x86_64-fedora-clang, r-devel-linux-x86_64-fedora-gcc