CRAN Package Check Results for Package dhh

Last updated on 2021-07-26 19:49:15 CEST.

Flavor Version Tinstall Tcheck Ttotal Status Flags
r-devel-linux-x86_64-debian-clang 0.0.1 1.72 24.42 26.14 NOTE
r-devel-linux-x86_64-debian-gcc 0.0.1 1.42 19.42 20.84 NOTE
r-devel-linux-x86_64-fedora-clang 0.0.1 40.82 NOTE
r-devel-linux-x86_64-fedora-gcc 0.0.1 31.26 NOTE
r-devel-windows-x86_64 0.0.1 4.00 42.00 46.00 NOTE
r-devel-windows-x86_64-gcc10-UCRT 0.0.1 NOTE
r-patched-linux-x86_64 0.0.1 1.84 23.50 25.34 NOTE
r-patched-solaris-x86 0.0.1 48.10 NOTE
r-release-linux-x86_64 0.0.1 1.73 23.72 25.45 NOTE
r-release-macos-arm64 0.0.1 NOTE
r-release-macos-x86_64 0.0.1 NOTE
r-release-windows-ix86+x86_64 0.0.1 4.00 30.00 34.00 NOTE
r-oldrel-macos-x86_64 0.0.1 OK
r-oldrel-windows-ix86+x86_64 0.0.1 6.00 39.00 45.00 OK

Check Details

Version: 0.0.1
Check: LazyData
Result: NOTE
     'LazyData' is specified without a 'data' directory
Flavors: r-devel-linux-x86_64-debian-clang, r-devel-linux-x86_64-debian-gcc, r-devel-linux-x86_64-fedora-clang, r-devel-linux-x86_64-fedora-gcc, r-devel-windows-x86_64, r-devel-windows-x86_64-gcc10-UCRT, r-patched-linux-x86_64, r-patched-solaris-x86, r-release-linux-x86_64, r-release-macos-arm64, r-release-macos-x86_64, r-release-windows-ix86+x86_64