CRAN Package Check Results for Package dhh

Last updated on 2022-07-03 17:52:02 CEST.

Flavor Version Tinstall Tcheck Ttotal Status Flags
r-devel-linux-x86_64-debian-clang 0.0.1 2.12 25.34 27.46 NOTE
r-devel-linux-x86_64-debian-gcc 0.0.1 1.61 19.94 21.55 NOTE
r-devel-linux-x86_64-fedora-clang 0.0.1 44.30 NOTE
r-devel-linux-x86_64-fedora-gcc 0.0.1 43.84 NOTE
r-devel-windows-x86_64 0.0.1 11.00 61.00 72.00 NOTE
r-patched-linux-x86_64 0.0.1 1.88 25.20 27.08 NOTE
r-release-linux-x86_64 0.0.1 1.68 24.49 26.17 NOTE
r-release-macos-arm64 0.0.1 16.00 NOTE
r-release-macos-x86_64 0.0.1 23.00 NOTE
r-release-windows-x86_64 0.0.1 11.00 59.00 70.00 NOTE
r-oldrel-macos-arm64 0.0.1 18.00 NOTE
r-oldrel-macos-x86_64 0.0.1 31.00 NOTE
r-oldrel-windows-ix86+x86_64 0.0.1 5.00 44.00 49.00 NOTE

Check Details

Version: 0.0.1
Check: LazyData
Result: NOTE
     'LazyData' is specified without a 'data' directory
Flavors: r-devel-linux-x86_64-debian-clang, r-devel-linux-x86_64-debian-gcc, r-devel-linux-x86_64-fedora-clang, r-devel-linux-x86_64-fedora-gcc, r-devel-windows-x86_64, r-patched-linux-x86_64, r-release-linux-x86_64, r-release-macos-arm64, r-release-macos-x86_64, r-release-windows-x86_64, r-oldrel-macos-arm64, r-oldrel-macos-x86_64, r-oldrel-windows-ix86+x86_64