CRAN Package Check Results for Package dhh

Last updated on 2021-11-29 12:00:03 CET.

Flavor Version Tinstall Tcheck Ttotal Status Flags
r-devel-linux-x86_64-debian-clang 0.0.1 NOTE
r-devel-linux-x86_64-debian-gcc 0.0.1 1.50 18.60 20.10 NOTE
r-devel-linux-x86_64-fedora-clang 0.0.1 42.30 NOTE
r-devel-linux-x86_64-fedora-gcc 0.0.1 31.79 NOTE
r-devel-windows-x86_64-new-UL 0.0.1 7.00 66.00 73.00 NOTE
r-devel-windows-x86_64-new-TK 0.0.1 NOTE
r-devel-windows-x86_64-old 0.0.1 3.00 33.00 36.00 NOTE
r-patched-linux-x86_64 0.0.1 2.04 22.05 24.09 NOTE
r-patched-solaris-x86 0.0.1 46.90 NOTE
r-release-linux-x86_64 0.0.1 1.77 22.13 23.90 NOTE
r-release-macos-arm64 0.0.1 NOTE
r-release-macos-x86_64 0.0.1 NOTE
r-release-windows-ix86+x86_64 0.0.1 5.00 34.00 39.00 NOTE
r-oldrel-macos-x86_64 0.0.1 OK
r-oldrel-windows-ix86+x86_64 0.0.1 4.00 35.00 39.00 OK

Check Details

Version: 0.0.1
Check: LazyData
Result: NOTE
     'LazyData' is specified without a 'data' directory
Flavors: r-devel-linux-x86_64-debian-clang, r-devel-linux-x86_64-debian-gcc, r-devel-linux-x86_64-fedora-clang, r-devel-linux-x86_64-fedora-gcc, r-devel-windows-x86_64-new-UL, r-devel-windows-x86_64-new-TK, r-devel-windows-x86_64-old, r-patched-linux-x86_64, r-patched-solaris-x86, r-release-linux-x86_64, r-release-macos-arm64, r-release-macos-x86_64, r-release-windows-ix86+x86_64