CRAN Package Check Results for Package devtoolbox

Last updated on 2021-12-06 23:50:44 CET.

Flavor Version Tinstall Tcheck Ttotal Status Flags
r-devel-linux-x86_64-debian-clang 0.1.0 5.52 54.34 59.86 OK
r-devel-linux-x86_64-debian-gcc 0.1.0 4.33 41.78 46.11 OK
r-devel-linux-x86_64-fedora-clang 0.1.0 73.90 NOTE
r-devel-linux-x86_64-fedora-gcc 0.1.0 59.02 NOTE
r-devel-windows-x86_64-new-UL 0.1.0 13.00 88.00 101.00 OK
r-devel-windows-x86_64-new-TK 0.1.0 NOTE
r-devel-windows-x86_64-old 0.1.0 11.00 55.00 66.00 OK
r-patched-linux-x86_64 0.1.0 4.76 42.50 47.26 OK
r-release-linux-x86_64 0.1.0 5.17 50.30 55.47 OK
r-release-macos-arm64 0.1.0 NOTE
r-release-macos-x86_64 0.1.0 NOTE
r-release-windows-ix86+x86_64 0.1.0 13.00 68.00 81.00 OK
r-oldrel-macos-x86_64 0.1.0 NOTE
r-oldrel-windows-ix86+x86_64 0.1.0 14.00 67.00 81.00 OK

Check Details

Version: 0.1.0
Check: dependencies in R code
Result: NOTE
    Namespaces in Imports field not imported from:
     ‘DT’ ‘ggiraph’ ‘ggplot2’ ‘reshape2’ ‘stats’ ‘tidyr’ ‘tidyselect’
     All declared Imports should be used.
Flavors: r-devel-linux-x86_64-fedora-clang, r-devel-linux-x86_64-fedora-gcc, r-devel-windows-x86_64-new-TK, r-release-macos-arm64, r-release-macos-x86_64, r-oldrel-macos-x86_64