CRAN Package Check Results for Package devFunc

Last updated on 2021-07-26 19:49:15 CEST.

Flavor Version Tinstall Tcheck Ttotal Status Flags
r-devel-linux-x86_64-debian-clang 0.1 3.35 29.39 32.74 NOTE
r-devel-linux-x86_64-debian-gcc 0.1 2.72 23.06 25.78 NOTE
r-devel-linux-x86_64-fedora-clang 0.1 48.63 NOTE
r-devel-linux-x86_64-fedora-gcc 0.1 37.96 NOTE
r-devel-windows-x86_64 0.1 6.00 49.00 55.00 NOTE
r-devel-windows-x86_64-gcc10-UCRT 0.1 NOTE
r-patched-linux-x86_64 0.1 3.40 28.30 31.70 NOTE
r-patched-solaris-x86 0.1 59.70 NOTE
r-release-linux-x86_64 0.1 2.83 28.24 31.07 NOTE
r-release-macos-arm64 0.1 NOTE
r-release-macos-x86_64 0.1 NOTE
r-release-windows-ix86+x86_64 0.1 8.00 42.00 50.00 NOTE
r-oldrel-macos-x86_64 0.1 OK
r-oldrel-windows-ix86+x86_64 0.1 7.00 45.00 52.00 OK

Check Details

Version: 0.1
Check: LazyData
Result: NOTE
     'LazyData' is specified without a 'data' directory
Flavors: r-devel-linux-x86_64-debian-clang, r-devel-linux-x86_64-debian-gcc, r-devel-linux-x86_64-fedora-clang, r-devel-linux-x86_64-fedora-gcc, r-devel-windows-x86_64, r-devel-windows-x86_64-gcc10-UCRT, r-patched-linux-x86_64, r-patched-solaris-x86, r-release-linux-x86_64, r-release-macos-arm64, r-release-macos-x86_64, r-release-windows-ix86+x86_64