Last updated on 2022-05-28 14:53:39 CEST.
Flavor | Version | Tinstall | Tcheck | Ttotal | Status | Flags |
---|---|---|---|---|---|---|
r-devel-linux-x86_64-debian-clang | 0.3.1 | 4.20 | 42.47 | 46.67 | NOTE | |
r-devel-linux-x86_64-debian-gcc | 0.3.1 | 3.49 | 33.41 | 36.90 | NOTE | |
r-devel-linux-x86_64-fedora-clang | 0.3.1 | 57.06 | NOTE | |||
r-devel-linux-x86_64-fedora-gcc | 0.3.1 | 55.20 | NOTE | |||
r-devel-windows-x86_64 | 0.3.1 | 34.00 | 64.00 | 98.00 | NOTE | |
r-patched-linux-x86_64 | 0.3.1 | 5.03 | 42.19 | 47.22 | NOTE | |
r-release-linux-x86_64 | 0.3.1 | 4.06 | 41.30 | 45.36 | NOTE | |
r-release-macos-arm64 | 0.3.1 | 21.00 | NOTE | |||
r-release-macos-x86_64 | 0.3.1 | 35.00 | NOTE | |||
r-release-windows-x86_64 | 0.3.1 | 33.00 | 65.00 | 98.00 | NOTE | |
r-oldrel-macos-arm64 | 0.3.1 | 26.00 | NOTE | |||
r-oldrel-macos-x86_64 | 0.3.1 | 33.00 | NOTE | |||
r-oldrel-windows-ix86+x86_64 | 0.3.1 | 9.00 | 51.00 | 60.00 | NOTE |
Version: 0.3.1
Check: LazyData
Result: NOTE
'LazyData' is specified without a 'data' directory
Flavors: r-devel-linux-x86_64-debian-clang, r-devel-linux-x86_64-debian-gcc, r-devel-linux-x86_64-fedora-clang, r-devel-linux-x86_64-fedora-gcc, r-devel-windows-x86_64, r-patched-linux-x86_64, r-release-linux-x86_64, r-release-macos-arm64, r-release-macos-x86_64, r-release-windows-x86_64, r-oldrel-macos-arm64, r-oldrel-macos-x86_64, r-oldrel-windows-ix86+x86_64
Version: 0.3.1
Check: dependencies in R code
Result: NOTE
Namespaces in Imports field not imported from:
‘DT’ ‘utils’
All declared Imports should be used.
Flavors: r-devel-linux-x86_64-fedora-clang, r-devel-linux-x86_64-fedora-gcc, r-release-macos-arm64, r-release-macos-x86_64, r-oldrel-macos-arm64, r-oldrel-macos-x86_64