CRAN Package Check Results for Package detzrcr

Last updated on 2021-12-06 11:51:53 CET.

Flavor Version Tinstall Tcheck Ttotal Status Flags
r-devel-linux-x86_64-debian-clang 0.3.1 4.31 39.63 43.94 NOTE
r-devel-linux-x86_64-debian-gcc 0.3.1 3.34 32.07 35.41 NOTE
r-devel-linux-x86_64-fedora-clang 0.3.1 54.05 NOTE
r-devel-linux-x86_64-fedora-gcc 0.3.1 43.32 NOTE
r-devel-windows-x86_64-new-UL 0.3.1 14.00 71.00 85.00 NOTE
r-devel-windows-x86_64-new-TK 0.3.1 NOTE
r-devel-windows-x86_64-old 0.3.1 7.00 41.00 48.00 NOTE
r-patched-linux-x86_64 0.3.1 4.54 30.42 34.96 NOTE
r-release-linux-x86_64 0.3.1 4.24 38.86 43.10 NOTE
r-release-macos-arm64 0.3.1 NOTE
r-release-macos-x86_64 0.3.1 NOTE
r-release-windows-ix86+x86_64 0.3.1 9.00 54.00 63.00 NOTE
r-oldrel-macos-x86_64 0.3.1 NOTE
r-oldrel-windows-ix86+x86_64 0.3.1 9.00 51.00 60.00 OK

Check Details

Version: 0.3.1
Check: LazyData
Result: NOTE
     'LazyData' is specified without a 'data' directory
Flavors: r-devel-linux-x86_64-debian-clang, r-devel-linux-x86_64-debian-gcc, r-devel-linux-x86_64-fedora-clang, r-devel-linux-x86_64-fedora-gcc, r-devel-windows-x86_64-new-UL, r-devel-windows-x86_64-new-TK, r-devel-windows-x86_64-old, r-patched-linux-x86_64, r-release-linux-x86_64, r-release-macos-arm64, r-release-macos-x86_64, r-release-windows-ix86+x86_64

Version: 0.3.1
Check: dependencies in R code
Result: NOTE
    Namespaces in Imports field not imported from:
     ‘DT’ ‘utils’
     All declared Imports should be used.
Flavors: r-devel-linux-x86_64-fedora-clang, r-devel-linux-x86_64-fedora-gcc, r-devel-windows-x86_64-new-TK, r-release-macos-arm64, r-release-macos-x86_64, r-oldrel-macos-x86_64