CRAN Package Check Results for Package details

Last updated on 2021-10-18 04:54:16 CEST.

Flavor Version Tinstall Tcheck Ttotal Status Flags
r-devel-linux-x86_64-debian-clang 0.2.1 2.93 38.56 41.49 OK
r-devel-linux-x86_64-debian-gcc 0.2.1 2.28 30.25 32.53 OK
r-devel-linux-x86_64-fedora-clang 0.2.1 58.90 OK
r-devel-linux-x86_64-fedora-gcc 0.2.1 48.93 OK
r-devel-windows-x86_64 0.2.1 6.00 79.00 85.00 OK
r-devel-windows-x86_64-gcc10-UCRT 0.2.1 OK
r-patched-linux-x86_64 0.2.1 2.82 39.92 42.74 OK
r-patched-solaris-x86 0.2.1 75.40 OK
r-release-linux-x86_64 0.2.1 2.76 40.52 43.28 OK
r-release-macos-arm64 0.2.1 OK
r-release-macos-x86_64 0.2.1 OK
r-release-windows-ix86+x86_64 0.2.1 5.00 72.00 77.00 OK
r-oldrel-macos-x86_64 0.2.1 OK
r-oldrel-windows-ix86+x86_64 0.2.1 7.00 87.00 94.00 WARN

Check Details

Version: 0.2.1
Check: re-building of vignette outputs
Result: WARN
    Error(s) in re-building vignettes:
    --- re-building 'custom.Rmd' using rmarkdown
    Quitting from lines 77-85 (custom.Rmd)
    Error: processing vignette 'custom.Rmd' failed with diagnostics:
    cannot open the connection
    --- failed re-building 'custom.Rmd'
    
    --- re-building 'documentation.Rmd' using rmarkdown
    --- finished re-building 'documentation.Rmd'
    
    --- re-building 'engine.Rmd' using rmarkdown
    Warning: The internal function knitr:::wrap.knit_image_paths has been deprecated. Please use knitr::sew() on an object of the class 'knit_image_paths' instead.
    --- finished re-building 'engine.Rmd'
    
    --- re-building 'objects.Rmd' using rmarkdown
    --- finished re-building 'objects.Rmd'
    
    --- re-building 'sessioninfo.Rmd' using rmarkdown
    --- finished re-building 'sessioninfo.Rmd'
    
    --- re-building 'tests_and_coverage.Rmd' using rmarkdown
    --- finished re-building 'tests_and_coverage.Rmd'
    
    SUMMARY: processing the following file failed:
     'custom.Rmd'
    
    Error: Vignette re-building failed.
    Execution halted
Flavor: r-oldrel-windows-ix86+x86_64