CRAN Package Check Results for Package depth

Last updated on 2021-10-24 04:50:20 CEST.

Flavor Version Tinstall Tcheck Ttotal Status Flags
r-devel-linux-x86_64-debian-clang 2.1-1.1 10.58 54.93 65.51 OK
r-devel-linux-x86_64-debian-gcc 2.1-1.1 8.17 42.65 50.82 OK
r-devel-linux-x86_64-fedora-clang 2.1-1.1 90.81 NOTE
r-devel-linux-x86_64-fedora-gcc 2.1-1.1 80.04 NOTE
r-devel-windows-x86_64 2.1-1.1 17.00 56.00 73.00 OK
r-devel-windows-x86_64-gcc10-UCRT 2.1-1.1 OK
r-patched-linux-x86_64 2.1-1.1 11.21 54.46 65.67 OK
r-patched-solaris-x86 2.1-1.1 112.60 OK
r-release-linux-x86_64 2.1-1.1 12.75 53.35 66.10 OK
r-release-macos-arm64 2.1-1.1 OK
r-release-macos-x86_64 2.1-1.1 OK
r-release-windows-ix86+x86_64 2.1-1.1 19.00 95.00 114.00 OK
r-oldrel-macos-x86_64 2.1-1.1 OK
r-oldrel-windows-ix86+x86_64 2.1-1.1 25.00 99.00 124.00 OK

Check Details

Version: 2.1-1.1
Check: compiled code
Result: NOTE
    File ‘depth/libs/depth.so’:
     Found no calls to: ‘R_registerRoutines’, ‘R_useDynamicSymbols’
    
    It is good practice to register native routines and to disable symbol
    search.
    
    See ‘Writing portable packages’ in the ‘Writing R Extensions’ manual.
Flavors: r-devel-linux-x86_64-fedora-clang, r-devel-linux-x86_64-fedora-gcc