CRAN Package Check Results for Package denstrip

Last updated on 2021-09-21 16:51:16 CEST.

Flavor Version Tinstall Tcheck Ttotal Status Flags
r-devel-linux-x86_64-debian-clang 1.5.4 2.50 41.22 43.72 OK
r-devel-linux-x86_64-debian-gcc 1.5.4 2.41 32.04 34.45 OK
r-devel-linux-x86_64-fedora-clang 1.5.4 62.84 OK
r-devel-linux-x86_64-fedora-gcc 1.5.4 51.94 OK
r-devel-windows-x86_64 1.5.4 6.00 44.00 50.00 OK
r-devel-windows-x86_64-gcc10-UCRT 1.5.4 ERROR
r-patched-linux-x86_64 1.5.4 3.46 30.60 34.06 OK
r-patched-solaris-x86 1.5.4 57.90 OK
r-release-linux-x86_64 1.5.4 2.87 31.05 33.92 OK
r-release-macos-arm64 1.5.4 OK
r-release-macos-x86_64 1.5.4 OK
r-release-windows-ix86+x86_64 1.5.4 6.00 39.00 45.00 OK
r-oldrel-macos-x86_64 1.5.4 OK
r-oldrel-windows-ix86+x86_64 1.5.4 6.00 36.00 42.00 OK

Check Details

Version: 1.5.4
Check: whether package can be installed
Result: WARN
    Found the following significant warnings:
     WARNING: installation-time patches will not be applied, could not get the patches index
Flavor: r-devel-windows-x86_64-gcc10-UCRT

Version: 1.5.4
Check: PDF version of manual
Result: WARN
    LaTeX errors when creating PDF version.
    This typically indicates Rd problems.
Flavor: r-devel-windows-x86_64-gcc10-UCRT

Version: 1.5.4
Check: PDF version of manual without hyperrefs or index
Result: ERROR
    Re-running with no redirection of stdout/stderr.
Flavor: r-devel-windows-x86_64-gcc10-UCRT