CRAN Package Check Results for Package define

Last updated on 2021-11-30 11:51:54 CET.

Flavor Version Tinstall Tcheck Ttotal Status Flags
r-devel-linux-x86_64-debian-clang 0.2.9 10.39 91.35 101.74 NOTE
r-devel-linux-x86_64-debian-gcc 0.2.9 8.49 68.45 76.94 NOTE
r-devel-linux-x86_64-fedora-clang 0.2.9 129.16 NOTE
r-devel-linux-x86_64-fedora-gcc 0.2.9 118.51 NOTE
r-devel-windows-x86_64-new-UL 0.2.9 22.00 129.00 151.00 NOTE
r-devel-windows-x86_64-new-TK 0.2.9 NOTE
r-devel-windows-x86_64-old 0.2.9 17.00 86.00 103.00 NOTE
r-patched-linux-x86_64 0.2.9 9.63 83.15 92.78 NOTE
r-patched-solaris-x86 0.2.9 168.60 NOTE
r-release-linux-x86_64 0.2.9 9.91 83.64 93.55 NOTE
r-release-macos-arm64 0.2.9 NOTE
r-release-macos-x86_64 0.2.9 NOTE
r-release-windows-ix86+x86_64 0.2.9 26.00 86.00 112.00 NOTE
r-oldrel-macos-x86_64 0.2.9 OK
r-oldrel-windows-ix86+x86_64 0.2.9 21.00 80.00 101.00 OK

Check Details

Version: 0.2.9
Check: LazyData
Result: NOTE
     'LazyData' is specified without a 'data' directory
Flavors: r-devel-linux-x86_64-debian-clang, r-devel-linux-x86_64-debian-gcc, r-devel-linux-x86_64-fedora-clang, r-devel-linux-x86_64-fedora-gcc, r-devel-windows-x86_64-new-UL, r-devel-windows-x86_64-new-TK, r-devel-windows-x86_64-old, r-patched-linux-x86_64, r-patched-solaris-x86, r-release-linux-x86_64, r-release-macos-arm64, r-release-macos-x86_64, r-release-windows-ix86+x86_64