CRAN Package Check Results for Package deepMOU

Last updated on 2021-09-18 05:02:29 CEST.

Flavor Version Tinstall Tcheck Ttotal Status Flags
r-devel-linux-x86_64-debian-clang 0.1.1 6.10 64.52 70.62 OK
r-devel-linux-x86_64-debian-gcc 0.1.1 4.58 47.06 51.64 OK
r-devel-linux-x86_64-fedora-clang 0.1.1 91.64 NOTE
r-devel-linux-x86_64-fedora-gcc 0.1.1 81.33 NOTE
r-devel-windows-x86_64 0.1.1 8.00 90.00 98.00 OK
r-devel-windows-x86_64-gcc10-UCRT 0.1.1 NOTE
r-patched-linux-x86_64 0.1.1 6.45 59.76 66.21 OK
r-patched-solaris-x86 0.1.1 123.00 NOTE
r-release-linux-x86_64 0.1.1 5.49 60.14 65.63 OK
r-release-macos-arm64 0.1.1 NOTE
r-release-macos-x86_64 0.1.1 NOTE
r-release-windows-ix86+x86_64 0.1.1 16.00 69.00 85.00 OK
r-oldrel-macos-x86_64 0.1.1 NOTE
r-oldrel-windows-ix86+x86_64 0.1.1 16.00 70.00 86.00 OK

Check Details

Version: 0.1.1
Check: dependencies in R code
Result: NOTE
    Namespace in Imports field not imported from: ‘dplyr’
     All declared Imports should be used.
Flavors: r-devel-linux-x86_64-fedora-clang, r-devel-linux-x86_64-fedora-gcc, r-devel-windows-x86_64-gcc10-UCRT, r-patched-solaris-x86, r-release-macos-arm64, r-release-macos-x86_64, r-oldrel-macos-x86_64