CRAN Package Check Results for Package decomposedPSF

Last updated on 2021-11-29 23:50:35 CET.

Flavor Version Tinstall Tcheck Ttotal Status Flags
r-devel-linux-x86_64-debian-clang 0.1.3 6.66 69.84 76.50 NOTE
r-devel-linux-x86_64-debian-gcc 0.1.3 4.98 52.87 57.85 NOTE
r-devel-linux-x86_64-fedora-clang 0.1.3 100.34 NOTE
r-devel-linux-x86_64-fedora-gcc 0.1.3 88.42 NOTE
r-devel-windows-x86_64-new-UL 0.1.3 14.00 110.00 124.00 NOTE
r-devel-windows-x86_64-new-TK 0.1.3 NOTE
r-devel-windows-x86_64-old 0.1.3 11.00 72.00 83.00 NOTE
r-patched-linux-x86_64 0.1.3 6.88 64.53 71.41 NOTE
r-patched-solaris-x86 0.1.3 125.30 NOTE
r-release-linux-x86_64 0.1.3 6.20 63.94 70.14 NOTE
r-release-macos-arm64 0.1.3 NOTE
r-release-macos-x86_64 0.1.3 NOTE
r-release-windows-ix86+x86_64 0.1.3 17.00 72.00 89.00 NOTE
r-oldrel-macos-x86_64 0.1.3 OK
r-oldrel-windows-ix86+x86_64 0.1.3 14.00 70.00 84.00 NOTE

Check Details

Version: 0.1.3
Check: LazyData
Result: NOTE
     'LazyData' is specified without a 'data' directory
Flavors: r-devel-linux-x86_64-debian-clang, r-devel-linux-x86_64-debian-gcc, r-devel-linux-x86_64-fedora-clang, r-devel-linux-x86_64-fedora-gcc, r-devel-windows-x86_64-new-UL, r-devel-windows-x86_64-new-TK, r-devel-windows-x86_64-old, r-patched-linux-x86_64, r-patched-solaris-x86, r-release-linux-x86_64, r-release-macos-arm64, r-release-macos-x86_64, r-release-windows-ix86+x86_64

Version: 0.1.3
Check: package vignettes
Result: NOTE
    Package vignette with placeholder title 'Vignette Title':
     'decomposedPSF-vignette.Rmd'
Flavors: r-devel-linux-x86_64-debian-clang, r-devel-linux-x86_64-debian-gcc, r-devel-windows-x86_64-new-UL, r-devel-windows-x86_64-old, r-patched-linux-x86_64, r-release-linux-x86_64, r-release-windows-ix86+x86_64, r-oldrel-windows-ix86+x86_64