Last updated on 2022-05-28 14:53:38 CEST.
Flavor | Version | Tinstall | Tcheck | Ttotal | Status | Flags |
---|---|---|---|---|---|---|
r-devel-linux-x86_64-debian-clang | 1.2.2 | 5.68 | 48.12 | 53.80 | OK | |
r-devel-linux-x86_64-debian-gcc | 1.2.2 | 4.57 | 37.69 | 42.26 | OK | |
r-devel-linux-x86_64-fedora-clang | 1.2.2 | 64.56 | NOTE | |||
r-devel-linux-x86_64-fedora-gcc | 1.2.2 | 63.67 | NOTE | |||
r-devel-windows-x86_64 | 1.2.2 | 57.00 | 74.00 | 131.00 | OK | |
r-patched-linux-x86_64 | 1.2.2 | 8.14 | 46.69 | 54.83 | OK | |
r-release-linux-x86_64 | 1.2.2 | 5.12 | 45.80 | 50.92 | OK | |
r-release-macos-arm64 | 1.2.2 | 24.00 | NOTE | |||
r-release-macos-x86_64 | 1.2.2 | 32.00 | NOTE | |||
r-release-windows-x86_64 | 1.2.2 | 62.00 | 77.00 | 139.00 | OK | |
r-oldrel-macos-arm64 | 1.2.2 | 34.00 | NOTE | |||
r-oldrel-macos-x86_64 | 1.2.2 | 50.00 | NOTE | |||
r-oldrel-windows-ix86+x86_64 | 1.2.2 | 12.00 | 60.00 | 72.00 | OK |
Version: 1.2.2
Check: data for non-ASCII characters
Result: NOTE
Note: found 1 marked Latin-1 string
Note: found 46826 marked UTF-8 strings
Flavors: r-devel-linux-x86_64-fedora-clang, r-devel-linux-x86_64-fedora-gcc, r-release-macos-arm64, r-release-macos-x86_64, r-oldrel-macos-arm64, r-oldrel-macos-x86_64