CRAN Package Check Results for Package decido

Last updated on 2021-09-19 16:48:51 CEST.

Flavor Version Tinstall Tcheck Ttotal Status Flags
r-devel-linux-x86_64-debian-clang 0.3.0 21.92 32.39 54.31 NOTE
r-devel-linux-x86_64-debian-gcc 0.3.0 13.83 25.62 39.45 NOTE
r-devel-linux-x86_64-fedora-clang 0.3.0 79.21 NOTE
r-devel-linux-x86_64-fedora-gcc 0.3.0 63.46 NOTE
r-devel-windows-x86_64 0.3.0 21.00 65.00 86.00 NOTE
r-devel-windows-x86_64-gcc10-UCRT 0.3.0 ERROR
r-patched-linux-x86_64 0.3.0 16.23 29.77 46.00 NOTE
r-patched-solaris-x86 0.3.0 81.70 NOTE
r-release-linux-x86_64 0.3.0 18.28 29.38 47.66 NOTE
r-release-macos-arm64 0.3.0 NOTE
r-release-macos-x86_64 0.3.0 NOTE
r-release-windows-ix86+x86_64 0.3.0 50.00 60.00 110.00 NOTE
r-oldrel-macos-x86_64 0.3.0 OK
r-oldrel-windows-ix86+x86_64 0.3.0 49.00 78.00 127.00 OK

Check Details

Version: 0.3.0
Check: LazyData
Result: NOTE
     'LazyData' is specified without a 'data' directory
Flavors: r-devel-linux-x86_64-debian-clang, r-devel-linux-x86_64-debian-gcc, r-devel-linux-x86_64-fedora-clang, r-devel-linux-x86_64-fedora-gcc, r-devel-windows-x86_64, r-patched-linux-x86_64, r-patched-solaris-x86, r-release-linux-x86_64, r-release-macos-arm64, r-release-macos-x86_64, r-release-windows-ix86+x86_64

Version: 0.3.0
Check: whether package can be installed
Result: ERROR
    Installation failed.
Flavor: r-devel-windows-x86_64-gcc10-UCRT