CRAN Package Check Results for Package ddpcr

Last updated on 2021-07-31 19:51:21 CEST.

Flavor Version Tinstall Tcheck Ttotal Status Flags
r-devel-linux-x86_64-debian-clang 1.15 8.01 163.43 171.44 NOTE
r-devel-linux-x86_64-debian-gcc 1.15 6.07 117.57 123.64 NOTE
r-devel-linux-x86_64-fedora-clang 1.15 205.20 NOTE
r-devel-linux-x86_64-fedora-gcc 1.15 190.33 NOTE
r-devel-windows-x86_64 1.15 9.00 205.00 214.00 NOTE
r-devel-windows-x86_64-gcc10-UCRT 1.15 NOTE
r-patched-linux-x86_64 1.15 NOTE
r-patched-solaris-x86 1.15 240.30 NOTE
r-release-linux-x86_64 1.15 6.85 148.77 155.62 NOTE
r-release-macos-arm64 1.15 WARN
r-release-macos-x86_64 1.15 NOTE
r-release-windows-ix86+x86_64 1.15 14.00 205.00 219.00 NOTE
r-oldrel-macos-x86_64 1.15 OK
r-oldrel-windows-ix86+x86_64 1.15 12.00 206.00 218.00 OK

Check Details

Version: 1.15
Check: LazyData
Result: NOTE
     'LazyData' is specified without a 'data' directory
Flavors: r-devel-linux-x86_64-debian-clang, r-devel-linux-x86_64-debian-gcc, r-devel-linux-x86_64-fedora-clang, r-devel-linux-x86_64-fedora-gcc, r-devel-windows-x86_64, r-devel-windows-x86_64-gcc10-UCRT, r-patched-linux-x86_64, r-patched-solaris-x86, r-release-linux-x86_64, r-release-macos-arm64, r-release-macos-x86_64, r-release-windows-ix86+x86_64

Version: 1.15
Check: installed package size
Result: NOTE
     installed size is 5.7Mb
     sub-directories of 1Mb or more:
     sample_data 3.6Mb
Flavor: r-patched-solaris-x86

Version: 1.15
Check: re-building of vignette outputs
Result: WARN
    Error(s) in re-building vignettes:
    --- re-building ‘algorithm.Rmd’ using rmarkdown
    Warning in engine$weave(file, quiet = quiet, encoding = enc) :
     Pandoc (>= 1.12.3) not available. Falling back to R Markdown v1.
    --- finished re-building ‘algorithm.Rmd’
    
    --- re-building ‘extend.Rmd’ using rmarkdown
    Warning in engine$weave(file, quiet = quiet, encoding = enc) :
     Pandoc (>= 1.12.3) not available. Falling back to R Markdown v1.
    Quitting from lines 205-213 (extend.Rmd)
    Error: processing vignette 'extend.Rmd' failed with diagnostics:
    polygon edge not found
    --- failed re-building ‘extend.Rmd’
    
    --- re-building ‘overview.Rmd’ using rmarkdown
    Warning in engine$weave(file, quiet = quiet, encoding = enc) :
     Pandoc (>= 1.12.3) not available. Falling back to R Markdown v1.
    
    Attaching package: 'ddpcr'
    
    The following object is masked from 'package:stats':
    
     step
    
    Reading data files into plate... DONE (1 seconds)
    Initializing plate of type `custom_thresholds`... DONE (0 seconds)
    Identifying outlier droplets... DONE (0 seconds)
    Classifying droplets... DONE (0 seconds)
    Analysis complete
    Quitting from lines 133-151 (overview.Rmd)
    Error: processing vignette 'overview.Rmd' failed with diagnostics:
    polygon edge not found
    --- failed re-building ‘overview.Rmd’
    
    --- re-building ‘technical_details.Rmd’ using rmarkdown
    Warning in engine$weave(file, quiet = quiet, encoding = enc) :
     Pandoc (>= 1.12.3) not available. Falling back to R Markdown v1.
    --- finished re-building ‘technical_details.Rmd’
    
    SUMMARY: processing the following files failed:
     ‘extend.Rmd’ ‘overview.Rmd’
    
    Error: Vignette re-building failed.
    Execution halted
Flavor: r-release-macos-arm64