CRAN Package Check Results for Package dbx

Last updated on 2021-09-19 16:48:51 CEST.

Flavor Version Tinstall Tcheck Ttotal Status Flags
r-devel-linux-x86_64-debian-clang 0.2.8 2.70 29.74 32.44 NOTE
r-devel-linux-x86_64-debian-gcc 0.2.8 2.18 23.43 25.61 NOTE
r-devel-linux-x86_64-fedora-clang 0.2.8 47.84 NOTE
r-devel-linux-x86_64-fedora-gcc 0.2.8 37.76 NOTE
r-devel-windows-x86_64 0.2.8 5.00 49.00 54.00 NOTE
r-devel-windows-x86_64-gcc10-UCRT 0.2.8 ERROR
r-patched-linux-x86_64 0.2.8 2.99 29.18 32.17 NOTE
r-patched-solaris-x86 0.2.8 55.70 NOTE
r-release-linux-x86_64 0.2.8 2.58 29.11 31.69 NOTE
r-release-macos-arm64 0.2.8 NOTE
r-release-macos-x86_64 0.2.8 NOTE
r-release-windows-ix86+x86_64 0.2.8 5.00 38.00 43.00 NOTE
r-oldrel-macos-x86_64 0.2.8 OK
r-oldrel-windows-ix86+x86_64 0.2.8 6.00 39.00 45.00 OK

Check Details

Version: 0.2.8
Check: LazyData
Result: NOTE
     'LazyData' is specified without a 'data' directory
Flavors: r-devel-linux-x86_64-debian-clang, r-devel-linux-x86_64-debian-gcc, r-devel-linux-x86_64-fedora-clang, r-devel-linux-x86_64-fedora-gcc, r-devel-windows-x86_64, r-devel-windows-x86_64-gcc10-UCRT, r-patched-linux-x86_64, r-patched-solaris-x86, r-release-linux-x86_64, r-release-macos-arm64, r-release-macos-x86_64, r-release-windows-ix86+x86_64

Version: 0.2.8
Check: whether package can be installed
Result: WARN
    Found the following significant warnings:
     WARNING: installation-time patches will not be applied, could not get the patches index
Flavor: r-devel-windows-x86_64-gcc10-UCRT

Version: 0.2.8
Check: PDF version of manual
Result: WARN
    LaTeX errors when creating PDF version.
    This typically indicates Rd problems.
Flavor: r-devel-windows-x86_64-gcc10-UCRT

Version: 0.2.8
Check: PDF version of manual without hyperrefs or index
Result: ERROR
    Re-running with no redirection of stdout/stderr.
Flavor: r-devel-windows-x86_64-gcc10-UCRT